{"id":991,"date":"2021-05-02T16:41:29","date_gmt":"2021-05-02T13:41:29","guid":{"rendered":"http:\/\/www.kutupsogutma.net\/?post_type=product&#038;p=991"},"modified":"2021-05-02T16:41:29","modified_gmt":"2021-05-02T13:41:29","slug":"salter-uclu-kirmizi-ea7009","status":"publish","type":"product","link":"http:\/\/www.kutupsogutma.net\/?product=salter-uclu-kirmizi-ea7009","title":{"rendered":"\u015eALTER \u00dc\u00c7L\u00dc KIRMIZI EA7009"},"content":{"rendered":"<p>\u015eALTER \u00dc\u00c7L\u00dc KIRMIZI EA7009<\/p>\n","protected":false},"excerpt":{"rendered":"<p>\u015eALTER \u00dc\u00c7L\u00dc KIRMIZI EA7009<\/p>\n","protected":false},"featured_media":992,"comment_status":"open","ping_status":"closed","template":"","meta":[],"product_cat":[81,74],"product_tag":[1169,1170],"_links":{"self":[{"href":"http:\/\/www.kutupsogutma.net\/index.php?rest_route=\/wp\/v2\/product\/991"}],"collection":[{"href":"http:\/\/www.kutupsogutma.net\/index.php?rest_route=\/wp\/v2\/product"}],"about":[{"href":"http:\/\/www.kutupsogutma.net\/index.php?rest_route=\/wp\/v2\/types\/product"}],"replies":[{"embeddable":true,"href":"http:\/\/www.kutupsogutma.net\/index.php?rest_route=%2Fwp%2Fv2%2Fcomments&post=991"}],"wp:featuredmedia":[{"embeddable":true,"href":"http:\/\/www.kutupsogutma.net\/index.php?rest_route=\/wp\/v2\/media\/992"}],"wp:attachment":[{"href":"http:\/\/www.kutupsogutma.net\/index.php?rest_route=%2Fwp%2Fv2%2Fmedia&parent=991"}],"wp:term":[{"taxonomy":"product_cat","embeddable":true,"href":"http:\/\/www.kutupsogutma.net\/index.php?rest_route=%2Fwp%2Fv2%2Fproduct_cat&post=991"},{"taxonomy":"product_tag","embeddable":true,"href":"http:\/\/www.kutupsogutma.net\/index.php?rest_route=%2Fwp%2Fv2%2Fproduct_tag&post=991"}],"curies":[{"name":"wp","href":"https:\/\/api.w.org\/{rel}","templated":true}]}}