{"id":977,"date":"2021-05-02T15:55:37","date_gmt":"2021-05-02T12:55:37","guid":{"rendered":"http:\/\/www.kutupsogutma.net\/?post_type=product&#038;p=977"},"modified":"2021-05-02T15:55:38","modified_gmt":"2021-05-02T12:55:38","slug":"poliuretan-poliol-1000gr-ea7003","status":"publish","type":"product","link":"http:\/\/www.kutupsogutma.net\/?product=poliuretan-poliol-1000gr-ea7003","title":{"rendered":"POL\u0130\u00dcRETAN POL\u0130OL 1000GR EA7003"},"content":{"rendered":"<p>POL\u0130\u00dcRETAN POL\u0130OL 1000GR EA7003<\/p>\n","protected":false},"excerpt":{"rendered":"<p>POL\u0130\u00dcRETAN POL\u0130OL 1000GR EA7003<\/p>\n","protected":false},"featured_media":978,"comment_status":"open","ping_status":"closed","template":"","meta":[],"product_cat":[81,74],"product_tag":[1159,1158],"_links":{"self":[{"href":"http:\/\/www.kutupsogutma.net\/index.php?rest_route=\/wp\/v2\/product\/977"}],"collection":[{"href":"http:\/\/www.kutupsogutma.net\/index.php?rest_route=\/wp\/v2\/product"}],"about":[{"href":"http:\/\/www.kutupsogutma.net\/index.php?rest_route=\/wp\/v2\/types\/product"}],"replies":[{"embeddable":true,"href":"http:\/\/www.kutupsogutma.net\/index.php?rest_route=%2Fwp%2Fv2%2Fcomments&post=977"}],"wp:featuredmedia":[{"embeddable":true,"href":"http:\/\/www.kutupsogutma.net\/index.php?rest_route=\/wp\/v2\/media\/978"}],"wp:attachment":[{"href":"http:\/\/www.kutupsogutma.net\/index.php?rest_route=%2Fwp%2Fv2%2Fmedia&parent=977"}],"wp:term":[{"taxonomy":"product_cat","embeddable":true,"href":"http:\/\/www.kutupsogutma.net\/index.php?rest_route=%2Fwp%2Fv2%2Fproduct_cat&post=977"},{"taxonomy":"product_tag","embeddable":true,"href":"http:\/\/www.kutupsogutma.net\/index.php?rest_route=%2Fwp%2Fv2%2Fproduct_tag&post=977"}],"curies":[{"name":"wp","href":"https:\/\/api.w.org\/{rel}","templated":true}]}}