{"id":861,"date":"2021-05-02T12:54:53","date_gmt":"2021-05-02T09:54:53","guid":{"rendered":"http:\/\/www.kutupsogutma.net\/?post_type=product&#038;p=861"},"modified":"2021-05-02T12:54:53","modified_gmt":"2021-05-02T09:54:53","slug":"camasir-makinesi-kasnak-vestel-duz-dar-cm14030","status":"publish","type":"product","link":"http:\/\/www.kutupsogutma.net\/?product=camasir-makinesi-kasnak-vestel-duz-dar-cm14030","title":{"rendered":"\u00c7AMA\u015eIR MAK\u0130NES\u0130 KASNAK VESTEL D\u00dcZ DAR \u00c7M14030"},"content":{"rendered":"<p>\u00c7AMA\u015eIR MAK\u0130NES\u0130 KASNAK VESTEL D\u00dcZ DAR \u00c7M14030<\/p>\n","protected":false},"excerpt":{"rendered":"<p>\u00c7AMA\u015eIR MAK\u0130NES\u0130 KASNAK VESTEL D\u00dcZ DAR \u00c7M14030<\/p>\n","protected":false},"featured_media":862,"comment_status":"open","ping_status":"closed","template":"","meta":[],"product_cat":[71,21],"product_tag":[1059,1060],"_links":{"self":[{"href":"http:\/\/www.kutupsogutma.net\/index.php?rest_route=\/wp\/v2\/product\/861"}],"collection":[{"href":"http:\/\/www.kutupsogutma.net\/index.php?rest_route=\/wp\/v2\/product"}],"about":[{"href":"http:\/\/www.kutupsogutma.net\/index.php?rest_route=\/wp\/v2\/types\/product"}],"replies":[{"embeddable":true,"href":"http:\/\/www.kutupsogutma.net\/index.php?rest_route=%2Fwp%2Fv2%2Fcomments&post=861"}],"wp:featuredmedia":[{"embeddable":true,"href":"http:\/\/www.kutupsogutma.net\/index.php?rest_route=\/wp\/v2\/media\/862"}],"wp:attachment":[{"href":"http:\/\/www.kutupsogutma.net\/index.php?rest_route=%2Fwp%2Fv2%2Fmedia&parent=861"}],"wp:term":[{"taxonomy":"product_cat","embeddable":true,"href":"http:\/\/www.kutupsogutma.net\/index.php?rest_route=%2Fwp%2Fv2%2Fproduct_cat&post=861"},{"taxonomy":"product_tag","embeddable":true,"href":"http:\/\/www.kutupsogutma.net\/index.php?rest_route=%2Fwp%2Fv2%2Fproduct_tag&post=861"}],"curies":[{"name":"wp","href":"https:\/\/api.w.org\/{rel}","templated":true}]}}