{"id":859,"date":"2021-05-02T12:53:50","date_gmt":"2021-05-02T09:53:50","guid":{"rendered":"http:\/\/www.kutupsogutma.net\/?post_type=product&#038;p=859"},"modified":"2021-05-02T12:53:50","modified_gmt":"2021-05-02T09:53:50","slug":"camasir-makinesi-tus-yuvasi-bosch-cm14029","status":"publish","type":"product","link":"http:\/\/www.kutupsogutma.net\/?product=camasir-makinesi-tus-yuvasi-bosch-cm14029","title":{"rendered":"\u00c7AMA\u015eIR MAK\u0130NES\u0130 TU\u015e YUVASI BOSCH \u00c7M14029"},"content":{"rendered":"<p>\u00c7AMA\u015eIR MAK\u0130NES\u0130 TU\u015e YUVASI BOSCH \u00c7M14029<\/p>\n","protected":false},"excerpt":{"rendered":"<p>\u00c7AMA\u015eIR MAK\u0130NES\u0130 TU\u015e YUVASI BOSCH \u00c7M14029<\/p>\n","protected":false},"featured_media":860,"comment_status":"open","ping_status":"closed","template":"","meta":[],"product_cat":[71,21],"product_tag":[1058,1057],"_links":{"self":[{"href":"http:\/\/www.kutupsogutma.net\/index.php?rest_route=\/wp\/v2\/product\/859"}],"collection":[{"href":"http:\/\/www.kutupsogutma.net\/index.php?rest_route=\/wp\/v2\/product"}],"about":[{"href":"http:\/\/www.kutupsogutma.net\/index.php?rest_route=\/wp\/v2\/types\/product"}],"replies":[{"embeddable":true,"href":"http:\/\/www.kutupsogutma.net\/index.php?rest_route=%2Fwp%2Fv2%2Fcomments&post=859"}],"wp:featuredmedia":[{"embeddable":true,"href":"http:\/\/www.kutupsogutma.net\/index.php?rest_route=\/wp\/v2\/media\/860"}],"wp:attachment":[{"href":"http:\/\/www.kutupsogutma.net\/index.php?rest_route=%2Fwp%2Fv2%2Fmedia&parent=859"}],"wp:term":[{"taxonomy":"product_cat","embeddable":true,"href":"http:\/\/www.kutupsogutma.net\/index.php?rest_route=%2Fwp%2Fv2%2Fproduct_cat&post=859"},{"taxonomy":"product_tag","embeddable":true,"href":"http:\/\/www.kutupsogutma.net\/index.php?rest_route=%2Fwp%2Fv2%2Fproduct_tag&post=859"}],"curies":[{"name":"wp","href":"https:\/\/api.w.org\/{rel}","templated":true}]}}