{"id":630,"date":"2021-05-01T11:49:29","date_gmt":"2021-05-01T08:49:29","guid":{"rendered":"http:\/\/www.kutupsogutma.net\/?post_type=product&#038;p=630"},"modified":"2021-05-01T11:49:29","modified_gmt":"2021-05-01T08:49:29","slug":"camasir-makinesi-on-cerceve-kapak-simtel-1240-cm9004","status":"publish","type":"product","link":"http:\/\/www.kutupsogutma.net\/?product=camasir-makinesi-on-cerceve-kapak-simtel-1240-cm9004","title":{"rendered":"\u00c7AMA\u015eIR MAK\u0130NES\u0130 \u00d6N \u00c7ER\u00c7EVE KAPAK S\u0130MTEL 1240 \u00c7M9004"},"content":{"rendered":"<p>\u00c7AMA\u015eIR MAK\u0130NES\u0130 \u00d6N \u00c7ER\u00c7EVE KAPAK S\u0130MTEL 1240 \u00c7M9004<\/p>\n","protected":false},"excerpt":{"rendered":"<p>\u00c7AMA\u015eIR MAK\u0130NES\u0130 \u00d6N \u00c7ER\u00c7EVE KAPAK S\u0130MTEL 1240 \u00c7M9004<\/p>\n","protected":false},"featured_media":631,"comment_status":"open","ping_status":"closed","template":"","meta":[],"product_cat":[66,21],"product_tag":[757,758],"_links":{"self":[{"href":"http:\/\/www.kutupsogutma.net\/index.php?rest_route=\/wp\/v2\/product\/630"}],"collection":[{"href":"http:\/\/www.kutupsogutma.net\/index.php?rest_route=\/wp\/v2\/product"}],"about":[{"href":"http:\/\/www.kutupsogutma.net\/index.php?rest_route=\/wp\/v2\/types\/product"}],"replies":[{"embeddable":true,"href":"http:\/\/www.kutupsogutma.net\/index.php?rest_route=%2Fwp%2Fv2%2Fcomments&post=630"}],"wp:featuredmedia":[{"embeddable":true,"href":"http:\/\/www.kutupsogutma.net\/index.php?rest_route=\/wp\/v2\/media\/631"}],"wp:attachment":[{"href":"http:\/\/www.kutupsogutma.net\/index.php?rest_route=%2Fwp%2Fv2%2Fmedia&parent=630"}],"wp:term":[{"taxonomy":"product_cat","embeddable":true,"href":"http:\/\/www.kutupsogutma.net\/index.php?rest_route=%2Fwp%2Fv2%2Fproduct_cat&post=630"},{"taxonomy":"product_tag","embeddable":true,"href":"http:\/\/www.kutupsogutma.net\/index.php?rest_route=%2Fwp%2Fv2%2Fproduct_tag&post=630"}],"curies":[{"name":"wp","href":"https:\/\/api.w.org\/{rel}","templated":true}]}}