{"id":605,"date":"2021-05-01T11:24:21","date_gmt":"2021-05-01T08:24:21","guid":{"rendered":"http:\/\/www.kutupsogutma.net\/?post_type=product&#038;p=605"},"modified":"2021-05-01T11:24:22","modified_gmt":"2021-05-01T08:24:22","slug":"camasir-makinesi-v-kayis-1277-arcelik-ariston-cm8009","status":"publish","type":"product","link":"http:\/\/www.kutupsogutma.net\/?product=camasir-makinesi-v-kayis-1277-arcelik-ariston-cm8009","title":{"rendered":"\u00c7AMA\u015eIR MAK\u0130NES\u0130 V KAYI\u015e 1277 AR\u00c7EL\u0130K-AR\u0130STON \u00c7M8009"},"content":{"rendered":"<p>\u00c7AMA\u015eIR MAK\u0130NES\u0130 V KAYI\u015e 1277 AR\u00c7EL\u0130K-AR\u0130STON \u00c7M8009<\/p>\n","protected":false},"excerpt":{"rendered":"<p>\u00c7AMA\u015eIR MAK\u0130NES\u0130 V KAYI\u015e 1277 AR\u00c7EL\u0130K-AR\u0130STON \u00c7M8009<\/p>\n","protected":false},"featured_media":606,"comment_status":"open","ping_status":"closed","template":"","meta":[],"product_cat":[65,21],"product_tag":[723,724,727,726,725],"_links":{"self":[{"href":"http:\/\/www.kutupsogutma.net\/index.php?rest_route=\/wp\/v2\/product\/605"}],"collection":[{"href":"http:\/\/www.kutupsogutma.net\/index.php?rest_route=\/wp\/v2\/product"}],"about":[{"href":"http:\/\/www.kutupsogutma.net\/index.php?rest_route=\/wp\/v2\/types\/product"}],"replies":[{"embeddable":true,"href":"http:\/\/www.kutupsogutma.net\/index.php?rest_route=%2Fwp%2Fv2%2Fcomments&post=605"}],"wp:featuredmedia":[{"embeddable":true,"href":"http:\/\/www.kutupsogutma.net\/index.php?rest_route=\/wp\/v2\/media\/606"}],"wp:attachment":[{"href":"http:\/\/www.kutupsogutma.net\/index.php?rest_route=%2Fwp%2Fv2%2Fmedia&parent=605"}],"wp:term":[{"taxonomy":"product_cat","embeddable":true,"href":"http:\/\/www.kutupsogutma.net\/index.php?rest_route=%2Fwp%2Fv2%2Fproduct_cat&post=605"},{"taxonomy":"product_tag","embeddable":true,"href":"http:\/\/www.kutupsogutma.net\/index.php?rest_route=%2Fwp%2Fv2%2Fproduct_tag&post=605"}],"curies":[{"name":"wp","href":"https:\/\/api.w.org\/{rel}","templated":true}]}}