{"id":598,"date":"2021-05-01T11:08:24","date_gmt":"2021-05-01T08:08:24","guid":{"rendered":"http:\/\/www.kutupsogutma.net\/?post_type=product&#038;p=598"},"modified":"2021-05-01T11:08:25","modified_gmt":"2021-05-01T08:08:25","slug":"camasir-makinesi-v-kayis-1221-ariston-cm8006","status":"publish","type":"product","link":"http:\/\/www.kutupsogutma.net\/?product=camasir-makinesi-v-kayis-1221-ariston-cm8006","title":{"rendered":"\u00c7AMA\u015eIR MAK\u0130NES\u0130 V KAYI\u015e 1221 AR\u0130STON \u00c7M8006"},"content":{"rendered":"<p>\u00c7AMA\u015eIR MAK\u0130NES\u0130 V KAYI\u015e 1221 AR\u0130STON \u00c7M8006<\/p>\n","protected":false},"excerpt":{"rendered":"<p>\u00c7AMA\u015eIR MAK\u0130NES\u0130 V KAYI\u015e 1221 AR\u0130STON \u00c7M8006<\/p>\n","protected":false},"featured_media":599,"comment_status":"open","ping_status":"closed","template":"","meta":[],"product_cat":[65,21],"product_tag":[717,716,715],"_links":{"self":[{"href":"http:\/\/www.kutupsogutma.net\/index.php?rest_route=\/wp\/v2\/product\/598"}],"collection":[{"href":"http:\/\/www.kutupsogutma.net\/index.php?rest_route=\/wp\/v2\/product"}],"about":[{"href":"http:\/\/www.kutupsogutma.net\/index.php?rest_route=\/wp\/v2\/types\/product"}],"replies":[{"embeddable":true,"href":"http:\/\/www.kutupsogutma.net\/index.php?rest_route=%2Fwp%2Fv2%2Fcomments&post=598"}],"wp:featuredmedia":[{"embeddable":true,"href":"http:\/\/www.kutupsogutma.net\/index.php?rest_route=\/wp\/v2\/media\/599"}],"wp:attachment":[{"href":"http:\/\/www.kutupsogutma.net\/index.php?rest_route=%2Fwp%2Fv2%2Fmedia&parent=598"}],"wp:term":[{"taxonomy":"product_cat","embeddable":true,"href":"http:\/\/www.kutupsogutma.net\/index.php?rest_route=%2Fwp%2Fv2%2Fproduct_cat&post=598"},{"taxonomy":"product_tag","embeddable":true,"href":"http:\/\/www.kutupsogutma.net\/index.php?rest_route=%2Fwp%2Fv2%2Fproduct_tag&post=598"}],"curies":[{"name":"wp","href":"https:\/\/api.w.org\/{rel}","templated":true}]}}