{"id":553,"date":"2021-05-01T10:00:29","date_gmt":"2021-05-01T07:00:29","guid":{"rendered":"http:\/\/www.kutupsogutma.net\/?post_type=product&#038;p=553"},"modified":"2021-05-01T10:00:30","modified_gmt":"2021-05-01T07:00:30","slug":"camasir-makinesi-termostat-simtel-1240-cm6014","status":"publish","type":"product","link":"http:\/\/www.kutupsogutma.net\/?product=camasir-makinesi-termostat-simtel-1240-cm6014","title":{"rendered":"\u00c7AMA\u015eIR MAK\u0130NES\u0130 TERMOSTAT S\u0130MTEL 1240 \u00c7M6014"},"content":{"rendered":"<p>\u00c7AMA\u015eIR MAK\u0130NES\u0130 TERMOSTAT S\u0130MTEL 1240 \u00c7M6014<\/p>\n","protected":false},"excerpt":{"rendered":"<p>\u00c7AMA\u015eIR MAK\u0130NES\u0130 TERMOSTAT S\u0130MTEL 1240 \u00c7M6014<\/p>\n","protected":false},"featured_media":554,"comment_status":"open","ping_status":"closed","template":"","meta":[],"product_cat":[63,21],"product_tag":[646,647],"_links":{"self":[{"href":"http:\/\/www.kutupsogutma.net\/index.php?rest_route=\/wp\/v2\/product\/553"}],"collection":[{"href":"http:\/\/www.kutupsogutma.net\/index.php?rest_route=\/wp\/v2\/product"}],"about":[{"href":"http:\/\/www.kutupsogutma.net\/index.php?rest_route=\/wp\/v2\/types\/product"}],"replies":[{"embeddable":true,"href":"http:\/\/www.kutupsogutma.net\/index.php?rest_route=%2Fwp%2Fv2%2Fcomments&post=553"}],"wp:featuredmedia":[{"embeddable":true,"href":"http:\/\/www.kutupsogutma.net\/index.php?rest_route=\/wp\/v2\/media\/554"}],"wp:attachment":[{"href":"http:\/\/www.kutupsogutma.net\/index.php?rest_route=%2Fwp%2Fv2%2Fmedia&parent=553"}],"wp:term":[{"taxonomy":"product_cat","embeddable":true,"href":"http:\/\/www.kutupsogutma.net\/index.php?rest_route=%2Fwp%2Fv2%2Fproduct_cat&post=553"},{"taxonomy":"product_tag","embeddable":true,"href":"http:\/\/www.kutupsogutma.net\/index.php?rest_route=%2Fwp%2Fv2%2Fproduct_tag&post=553"}],"curies":[{"name":"wp","href":"https:\/\/api.w.org\/{rel}","templated":true}]}}