{"id":448,"date":"2021-04-30T18:51:53","date_gmt":"2021-04-30T15:51:53","guid":{"rendered":"http:\/\/www.kutupsogutma.net\/?post_type=product&#038;p=448"},"modified":"2021-04-30T18:51:54","modified_gmt":"2021-04-30T15:51:54","slug":"camasir-makinesi-amortisor-aksistem-2816870200-110-n-siyah-cm3003","status":"publish","type":"product","link":"http:\/\/www.kutupsogutma.net\/?product=camasir-makinesi-amortisor-aksistem-2816870200-110-n-siyah-cm3003","title":{"rendered":"\u00c7AMA\u015eIR MAK\u0130NES\u0130 AMORT\u0130S\u00d6R AKS\u0130STEM 2816870200 110 N S\u0130YAH \u00c7M3003"},"content":{"rendered":"<p>\u00c7AMA\u015eIR MAK\u0130NES\u0130 AMORT\u0130S\u00d6R AKS\u0130STEM 2816870200 110 N S\u0130YAH \u00c7M3003<\/p>\n","protected":false},"excerpt":{"rendered":"<p>\u00c7AMA\u015eIR MAK\u0130NES\u0130 AMORT\u0130S\u00d6R AKS\u0130STEM 2816870200 110 N S\u0130YAH \u00c7M3003<\/p>\n","protected":false},"featured_media":449,"comment_status":"open","ping_status":"closed","template":"","meta":[],"product_cat":[60,21],"product_tag":[480,478,479],"_links":{"self":[{"href":"http:\/\/www.kutupsogutma.net\/index.php?rest_route=\/wp\/v2\/product\/448"}],"collection":[{"href":"http:\/\/www.kutupsogutma.net\/index.php?rest_route=\/wp\/v2\/product"}],"about":[{"href":"http:\/\/www.kutupsogutma.net\/index.php?rest_route=\/wp\/v2\/types\/product"}],"replies":[{"embeddable":true,"href":"http:\/\/www.kutupsogutma.net\/index.php?rest_route=%2Fwp%2Fv2%2Fcomments&post=448"}],"wp:featuredmedia":[{"embeddable":true,"href":"http:\/\/www.kutupsogutma.net\/index.php?rest_route=\/wp\/v2\/media\/449"}],"wp:attachment":[{"href":"http:\/\/www.kutupsogutma.net\/index.php?rest_route=%2Fwp%2Fv2%2Fmedia&parent=448"}],"wp:term":[{"taxonomy":"product_cat","embeddable":true,"href":"http:\/\/www.kutupsogutma.net\/index.php?rest_route=%2Fwp%2Fv2%2Fproduct_cat&post=448"},{"taxonomy":"product_tag","embeddable":true,"href":"http:\/\/www.kutupsogutma.net\/index.php?rest_route=%2Fwp%2Fv2%2Fproduct_tag&post=448"}],"curies":[{"name":"wp","href":"https:\/\/api.w.org\/{rel}","templated":true}]}}