{"id":345,"date":"2021-04-30T16:25:22","date_gmt":"2021-04-30T13:25:22","guid":{"rendered":"http:\/\/www.kutupsogutma.net\/?post_type=product&#038;p=345"},"modified":"2021-04-30T16:25:22","modified_gmt":"2021-04-30T13:25:22","slug":"bulasik-makinesi-on-kapak-mandal-kolu-bosch-siemens-kalin-bm6002","status":"publish","type":"product","link":"http:\/\/www.kutupsogutma.net\/?product=bulasik-makinesi-on-kapak-mandal-kolu-bosch-siemens-kalin-bm6002","title":{"rendered":"BULA\u015eIK MAK\u0130NES\u0130 \u00d6N KAPAK MANDAL KOLU BOSCH-S\u0130EMENS KALIN BM6002"},"content":{"rendered":"<p>BULA\u015eIK MAK\u0130NES\u0130 \u00d6N KAPAK MANDAL KOLU BOSCH-S\u0130EMENS KALIN BM6002<\/p>\n","protected":false},"excerpt":{"rendered":"<p>BULA\u015eIK MAK\u0130NES\u0130 \u00d6N KAPAK MANDAL KOLU BOSCH-S\u0130EMENS KALIN BM6002<\/p>\n","protected":false},"featured_media":346,"comment_status":"open","ping_status":"closed","template":"","meta":[],"product_cat":[51,20],"product_tag":[299,301,298,297,300],"_links":{"self":[{"href":"http:\/\/www.kutupsogutma.net\/index.php?rest_route=\/wp\/v2\/product\/345"}],"collection":[{"href":"http:\/\/www.kutupsogutma.net\/index.php?rest_route=\/wp\/v2\/product"}],"about":[{"href":"http:\/\/www.kutupsogutma.net\/index.php?rest_route=\/wp\/v2\/types\/product"}],"replies":[{"embeddable":true,"href":"http:\/\/www.kutupsogutma.net\/index.php?rest_route=%2Fwp%2Fv2%2Fcomments&post=345"}],"wp:featuredmedia":[{"embeddable":true,"href":"http:\/\/www.kutupsogutma.net\/index.php?rest_route=\/wp\/v2\/media\/346"}],"wp:attachment":[{"href":"http:\/\/www.kutupsogutma.net\/index.php?rest_route=%2Fwp%2Fv2%2Fmedia&parent=345"}],"wp:term":[{"taxonomy":"product_cat","embeddable":true,"href":"http:\/\/www.kutupsogutma.net\/index.php?rest_route=%2Fwp%2Fv2%2Fproduct_cat&post=345"},{"taxonomy":"product_tag","embeddable":true,"href":"http:\/\/www.kutupsogutma.net\/index.php?rest_route=%2Fwp%2Fv2%2Fproduct_tag&post=345"}],"curies":[{"name":"wp","href":"https:\/\/api.w.org\/{rel}","templated":true}]}}