{"id":289,"date":"2021-04-30T14:44:32","date_gmt":"2021-04-30T11:44:32","guid":{"rendered":"http:\/\/www.kutupsogutma.net\/?post_type=product&#038;p=289"},"modified":"2021-04-30T14:44:34","modified_gmt":"2021-04-30T11:44:34","slug":"bulasik-makinesi-pompa-motoru-bosch-siemens-sgs-gri-kucuk-bm2005","status":"publish","type":"product","link":"http:\/\/www.kutupsogutma.net\/?product=bulasik-makinesi-pompa-motoru-bosch-siemens-sgs-gri-kucuk-bm2005","title":{"rendered":"BULA\u015eIK MAK\u0130NES\u0130 POMPA MOTORU BOSCH-S\u0130EMENS SGS GR\u0130 K\u00dc\u00c7\u00dcK BM2005"},"content":{"rendered":"<p>BULA\u015eIK MAK\u0130NES\u0130 POMPA MOTORU BOSCH-S\u0130EMENS SGS GR\u0130 K\u00dc\u00c7\u00dcK BM2005<\/p>\n","protected":false},"excerpt":{"rendered":"<p>BULA\u015eIK MAK\u0130NES\u0130 POMPA MOTORU BOSCH-S\u0130EMENS SGS GR\u0130 K\u00dc\u00c7\u00dcK BM2005<\/p>\n","protected":false},"featured_media":290,"comment_status":"open","ping_status":"closed","template":"","meta":[],"product_cat":[15],"product_tag":[154,201,193,198,202],"_links":{"self":[{"href":"http:\/\/www.kutupsogutma.net\/index.php?rest_route=\/wp\/v2\/product\/289"}],"collection":[{"href":"http:\/\/www.kutupsogutma.net\/index.php?rest_route=\/wp\/v2\/product"}],"about":[{"href":"http:\/\/www.kutupsogutma.net\/index.php?rest_route=\/wp\/v2\/types\/product"}],"replies":[{"embeddable":true,"href":"http:\/\/www.kutupsogutma.net\/index.php?rest_route=%2Fwp%2Fv2%2Fcomments&post=289"}],"wp:featuredmedia":[{"embeddable":true,"href":"http:\/\/www.kutupsogutma.net\/index.php?rest_route=\/wp\/v2\/media\/290"}],"wp:attachment":[{"href":"http:\/\/www.kutupsogutma.net\/index.php?rest_route=%2Fwp%2Fv2%2Fmedia&parent=289"}],"wp:term":[{"taxonomy":"product_cat","embeddable":true,"href":"http:\/\/www.kutupsogutma.net\/index.php?rest_route=%2Fwp%2Fv2%2Fproduct_cat&post=289"},{"taxonomy":"product_tag","embeddable":true,"href":"http:\/\/www.kutupsogutma.net\/index.php?rest_route=%2Fwp%2Fv2%2Fproduct_tag&post=289"}],"curies":[{"name":"wp","href":"https:\/\/api.w.org\/{rel}","templated":true}]}}