{"id":213,"date":"2021-04-27T12:36:43","date_gmt":"2021-04-27T09:36:43","guid":{"rendered":"http:\/\/www.kutupsogutma.net\/?post_type=product&#038;p=213"},"modified":"2021-04-27T18:22:12","modified_gmt":"2021-04-27T15:22:12","slug":"buzdolabi-vidali-ayak-toc-siyah-bzd11003","status":"publish","type":"product","link":"http:\/\/www.kutupsogutma.net\/?product=buzdolabi-vidali-ayak-toc-siyah-bzd11003","title":{"rendered":"BUZDOLABI V\u0130DALI AYAK TO\u00c7 S\u0130YAH BZD11003"},"content":{"rendered":"<p><span style=\"vertical-align: inherit;\"><span style=\"vertical-align: inherit;\">BUZDOLABI V\u0130DALI AYAK TO\u00c7 S\u0130YAH BZD11003<\/span><\/span><\/p>\n","protected":false},"excerpt":{"rendered":"<p>BUZDOLABI V\u0130DALI AYAK TO\u00c7 S\u0130YAH BZD11003<\/p>\n","protected":false},"featured_media":214,"comment_status":"open","ping_status":"closed","template":"","meta":[],"product_cat":[44,19],"product_tag":[189,190],"_links":{"self":[{"href":"http:\/\/www.kutupsogutma.net\/index.php?rest_route=\/wp\/v2\/product\/213"}],"collection":[{"href":"http:\/\/www.kutupsogutma.net\/index.php?rest_route=\/wp\/v2\/product"}],"about":[{"href":"http:\/\/www.kutupsogutma.net\/index.php?rest_route=\/wp\/v2\/types\/product"}],"replies":[{"embeddable":true,"href":"http:\/\/www.kutupsogutma.net\/index.php?rest_route=%2Fwp%2Fv2%2Fcomments&post=213"}],"wp:featuredmedia":[{"embeddable":true,"href":"http:\/\/www.kutupsogutma.net\/index.php?rest_route=\/wp\/v2\/media\/214"}],"wp:attachment":[{"href":"http:\/\/www.kutupsogutma.net\/index.php?rest_route=%2Fwp%2Fv2%2Fmedia&parent=213"}],"wp:term":[{"taxonomy":"product_cat","embeddable":true,"href":"http:\/\/www.kutupsogutma.net\/index.php?rest_route=%2Fwp%2Fv2%2Fproduct_cat&post=213"},{"taxonomy":"product_tag","embeddable":true,"href":"http:\/\/www.kutupsogutma.net\/index.php?rest_route=%2Fwp%2Fv2%2Fproduct_tag&post=213"}],"curies":[{"name":"wp","href":"https:\/\/api.w.org\/{rel}","templated":true}]}}