{"id":2069,"date":"2021-05-07T11:27:01","date_gmt":"2021-05-07T08:27:01","guid":{"rendered":"http:\/\/www.kutupsogutma.net\/?post_type=product&#038;p=2069"},"modified":"2021-05-07T11:27:49","modified_gmt":"2021-05-07T08:27:49","slug":"supurge-tekerlek-spg10006","status":"publish","type":"product","link":"http:\/\/www.kutupsogutma.net\/?product=supurge-tekerlek-spg10006","title":{"rendered":"S\u00dcP\u00dcRGE TEKERLEK SPG10006"},"content":{"rendered":"<p>S\u00dcP\u00dcRGE TEKERLEK SPG10006<\/p>\n","protected":false},"excerpt":{"rendered":"<p>S\u00dcP\u00dcRGE TEKERLEK SPG10006<\/p>\n","protected":false},"featured_media":2070,"comment_status":"open","ping_status":"closed","template":"","meta":[],"product_cat":[142,25],"product_tag":[2240],"_links":{"self":[{"href":"http:\/\/www.kutupsogutma.net\/index.php?rest_route=\/wp\/v2\/product\/2069"}],"collection":[{"href":"http:\/\/www.kutupsogutma.net\/index.php?rest_route=\/wp\/v2\/product"}],"about":[{"href":"http:\/\/www.kutupsogutma.net\/index.php?rest_route=\/wp\/v2\/types\/product"}],"replies":[{"embeddable":true,"href":"http:\/\/www.kutupsogutma.net\/index.php?rest_route=%2Fwp%2Fv2%2Fcomments&post=2069"}],"wp:featuredmedia":[{"embeddable":true,"href":"http:\/\/www.kutupsogutma.net\/index.php?rest_route=\/wp\/v2\/media\/2070"}],"wp:attachment":[{"href":"http:\/\/www.kutupsogutma.net\/index.php?rest_route=%2Fwp%2Fv2%2Fmedia&parent=2069"}],"wp:term":[{"taxonomy":"product_cat","embeddable":true,"href":"http:\/\/www.kutupsogutma.net\/index.php?rest_route=%2Fwp%2Fv2%2Fproduct_cat&post=2069"},{"taxonomy":"product_tag","embeddable":true,"href":"http:\/\/www.kutupsogutma.net\/index.php?rest_route=%2Fwp%2Fv2%2Fproduct_tag&post=2069"}],"curies":[{"name":"wp","href":"https:\/\/api.w.org\/{rel}","templated":true}]}}