{"id":2057,"date":"2021-05-07T11:20:02","date_gmt":"2021-05-07T08:20:02","guid":{"rendered":"http:\/\/www.kutupsogutma.net\/?post_type=product&#038;p=2057"},"modified":"2021-05-07T11:21:06","modified_gmt":"2021-05-07T08:21:06","slug":"supurge-fakir-pipo-spg10000","status":"publish","type":"product","link":"http:\/\/www.kutupsogutma.net\/?product=supurge-fakir-pipo-spg10000","title":{"rendered":"S\u00dcP\u00dcRGE FAK\u0130R P\u0130PO SPG10000"},"content":{"rendered":"<p>S\u00dcP\u00dcRGE FAK\u0130R P\u0130PO SPG10000<\/p>\n","protected":false},"excerpt":{"rendered":"<p>S\u00dcP\u00dcRGE FAK\u0130R P\u0130PO SPG10000<\/p>\n","protected":false},"featured_media":2058,"comment_status":"open","ping_status":"closed","template":"","meta":[],"product_cat":[142,25],"product_tag":[2229,2228],"_links":{"self":[{"href":"http:\/\/www.kutupsogutma.net\/index.php?rest_route=\/wp\/v2\/product\/2057"}],"collection":[{"href":"http:\/\/www.kutupsogutma.net\/index.php?rest_route=\/wp\/v2\/product"}],"about":[{"href":"http:\/\/www.kutupsogutma.net\/index.php?rest_route=\/wp\/v2\/types\/product"}],"replies":[{"embeddable":true,"href":"http:\/\/www.kutupsogutma.net\/index.php?rest_route=%2Fwp%2Fv2%2Fcomments&post=2057"}],"wp:featuredmedia":[{"embeddable":true,"href":"http:\/\/www.kutupsogutma.net\/index.php?rest_route=\/wp\/v2\/media\/2058"}],"wp:attachment":[{"href":"http:\/\/www.kutupsogutma.net\/index.php?rest_route=%2Fwp%2Fv2%2Fmedia&parent=2057"}],"wp:term":[{"taxonomy":"product_cat","embeddable":true,"href":"http:\/\/www.kutupsogutma.net\/index.php?rest_route=%2Fwp%2Fv2%2Fproduct_cat&post=2057"},{"taxonomy":"product_tag","embeddable":true,"href":"http:\/\/www.kutupsogutma.net\/index.php?rest_route=%2Fwp%2Fv2%2Fproduct_tag&post=2057"}],"curies":[{"name":"wp","href":"https:\/\/api.w.org\/{rel}","templated":true}]}}