{"id":2040,"date":"2021-05-07T11:09:06","date_gmt":"2021-05-07T08:09:06","guid":{"rendered":"http:\/\/www.kutupsogutma.net\/?post_type=product&#038;p=2040"},"modified":"2021-05-07T11:09:56","modified_gmt":"2021-05-07T08:09:56","slug":"supurge-hali-emici-lux-rowenta-siyah-dar-baslik-spg8003","status":"publish","type":"product","link":"http:\/\/www.kutupsogutma.net\/?product=supurge-hali-emici-lux-rowenta-siyah-dar-baslik-spg8003","title":{"rendered":"S\u00dcP\u00dcRGE HALI EM\u0130C\u0130 LUX ROWENTA S\u0130YAH DAR BA\u015eLIK SPG8003"},"content":{"rendered":"<p>S\u00dcP\u00dcRGE HALI EM\u0130C\u0130 LUX ROWENTA S\u0130YAH DAR BA\u015eLIK SPG8003<\/p>\n","protected":false},"excerpt":{"rendered":"<p>S\u00dcP\u00dcRGE HALI EM\u0130C\u0130 LUX ROWENTA S\u0130YAH DAR BA\u015eLIK SPG8003<\/p>\n","protected":false},"featured_media":2039,"comment_status":"open","ping_status":"closed","template":"","meta":[],"product_cat":[140,25],"product_tag":[2215,2216,2217],"_links":{"self":[{"href":"http:\/\/www.kutupsogutma.net\/index.php?rest_route=\/wp\/v2\/product\/2040"}],"collection":[{"href":"http:\/\/www.kutupsogutma.net\/index.php?rest_route=\/wp\/v2\/product"}],"about":[{"href":"http:\/\/www.kutupsogutma.net\/index.php?rest_route=\/wp\/v2\/types\/product"}],"replies":[{"embeddable":true,"href":"http:\/\/www.kutupsogutma.net\/index.php?rest_route=%2Fwp%2Fv2%2Fcomments&post=2040"}],"wp:featuredmedia":[{"embeddable":true,"href":"http:\/\/www.kutupsogutma.net\/index.php?rest_route=\/wp\/v2\/media\/2039"}],"wp:attachment":[{"href":"http:\/\/www.kutupsogutma.net\/index.php?rest_route=%2Fwp%2Fv2%2Fmedia&parent=2040"}],"wp:term":[{"taxonomy":"product_cat","embeddable":true,"href":"http:\/\/www.kutupsogutma.net\/index.php?rest_route=%2Fwp%2Fv2%2Fproduct_cat&post=2040"},{"taxonomy":"product_tag","embeddable":true,"href":"http:\/\/www.kutupsogutma.net\/index.php?rest_route=%2Fwp%2Fv2%2Fproduct_tag&post=2040"}],"curies":[{"name":"wp","href":"https:\/\/api.w.org\/{rel}","templated":true}]}}