{"id":1884,"date":"2021-05-06T11:20:14","date_gmt":"2021-05-06T08:20:14","guid":{"rendered":"http:\/\/www.kutupsogutma.net\/?post_type=product&#038;p=1884"},"modified":"2021-05-06T11:21:00","modified_gmt":"2021-05-06T08:21:00","slug":"supurge-yan-mandal-fantom-siyah-spg4002","status":"publish","type":"product","link":"http:\/\/www.kutupsogutma.net\/?product=supurge-yan-mandal-fantom-siyah-spg4002","title":{"rendered":"S\u00dcP\u00dcRGE YAN MANDAL FANTOM S\u0130YAH SPG4002"},"content":{"rendered":"<p>S\u00dcP\u00dcRGE YAN MANDAL FANTOM S\u0130YAH SPG4002<\/p>\n","protected":false},"excerpt":{"rendered":"<p>S\u00dcP\u00dcRGE YAN MANDAL FANTOM S\u0130YAH SPG4002<\/p>\n","protected":false},"featured_media":1885,"comment_status":"open","ping_status":"closed","template":"","meta":[],"product_cat":[136,25],"product_tag":[2026],"_links":{"self":[{"href":"http:\/\/www.kutupsogutma.net\/index.php?rest_route=\/wp\/v2\/product\/1884"}],"collection":[{"href":"http:\/\/www.kutupsogutma.net\/index.php?rest_route=\/wp\/v2\/product"}],"about":[{"href":"http:\/\/www.kutupsogutma.net\/index.php?rest_route=\/wp\/v2\/types\/product"}],"replies":[{"embeddable":true,"href":"http:\/\/www.kutupsogutma.net\/index.php?rest_route=%2Fwp%2Fv2%2Fcomments&post=1884"}],"wp:featuredmedia":[{"embeddable":true,"href":"http:\/\/www.kutupsogutma.net\/index.php?rest_route=\/wp\/v2\/media\/1885"}],"wp:attachment":[{"href":"http:\/\/www.kutupsogutma.net\/index.php?rest_route=%2Fwp%2Fv2%2Fmedia&parent=1884"}],"wp:term":[{"taxonomy":"product_cat","embeddable":true,"href":"http:\/\/www.kutupsogutma.net\/index.php?rest_route=%2Fwp%2Fv2%2Fproduct_cat&post=1884"},{"taxonomy":"product_tag","embeddable":true,"href":"http:\/\/www.kutupsogutma.net\/index.php?rest_route=%2Fwp%2Fv2%2Fproduct_tag&post=1884"}],"curies":[{"name":"wp","href":"https:\/\/api.w.org\/{rel}","templated":true}]}}