{"id":1869,"date":"2021-05-06T11:07:28","date_gmt":"2021-05-06T08:07:28","guid":{"rendered":"http:\/\/www.kutupsogutma.net\/?post_type=product&#038;p=1869"},"modified":"2021-05-06T11:09:44","modified_gmt":"2021-05-06T08:09:44","slug":"supurge-borusu-simtel-yesil-plastik-genis-baslik-spg3023","status":"publish","type":"product","link":"http:\/\/www.kutupsogutma.net\/?product=supurge-borusu-simtel-yesil-plastik-genis-baslik-spg3023","title":{"rendered":"S\u00dcP\u00dcRGE BORUSU S\u0130MTEL YE\u015e\u0130L PLAST\u0130K GEN\u0130\u015e BA\u015eLIK 35MM SPG3023"},"content":{"rendered":"<p>S\u00dcP\u00dcRGE BORUSU S\u0130MTEL YE\u015e\u0130L PLAST\u0130K GEN\u0130\u015e BA\u015eLIK SPG3023<\/p>\n","protected":false},"excerpt":{"rendered":"<p>S\u00dcP\u00dcRGE BORUSU S\u0130MTEL YE\u015e\u0130L PLAST\u0130K GEN\u0130\u015e BA\u015eLIK SPG3023<\/p>\n","protected":false},"featured_media":1870,"comment_status":"open","ping_status":"closed","template":"","meta":[],"product_cat":[135,25],"product_tag":[2005,2004,2000,2002,1999,2008,2007],"_links":{"self":[{"href":"http:\/\/www.kutupsogutma.net\/index.php?rest_route=\/wp\/v2\/product\/1869"}],"collection":[{"href":"http:\/\/www.kutupsogutma.net\/index.php?rest_route=\/wp\/v2\/product"}],"about":[{"href":"http:\/\/www.kutupsogutma.net\/index.php?rest_route=\/wp\/v2\/types\/product"}],"replies":[{"embeddable":true,"href":"http:\/\/www.kutupsogutma.net\/index.php?rest_route=%2Fwp%2Fv2%2Fcomments&post=1869"}],"wp:featuredmedia":[{"embeddable":true,"href":"http:\/\/www.kutupsogutma.net\/index.php?rest_route=\/wp\/v2\/media\/1870"}],"wp:attachment":[{"href":"http:\/\/www.kutupsogutma.net\/index.php?rest_route=%2Fwp%2Fv2%2Fmedia&parent=1869"}],"wp:term":[{"taxonomy":"product_cat","embeddable":true,"href":"http:\/\/www.kutupsogutma.net\/index.php?rest_route=%2Fwp%2Fv2%2Fproduct_cat&post=1869"},{"taxonomy":"product_tag","embeddable":true,"href":"http:\/\/www.kutupsogutma.net\/index.php?rest_route=%2Fwp%2Fv2%2Fproduct_tag&post=1869"}],"curies":[{"name":"wp","href":"https:\/\/api.w.org\/{rel}","templated":true}]}}