{"id":1752,"date":"2021-05-05T21:47:48","date_gmt":"2021-05-05T18:47:48","guid":{"rendered":"http:\/\/www.kutupsogutma.net\/?post_type=product&#038;p=1752"},"modified":"2021-05-05T21:48:53","modified_gmt":"2021-05-05T18:48:53","slug":"sofben-dugme-ihlas-sfb4007","status":"publish","type":"product","link":"http:\/\/www.kutupsogutma.net\/?product=sofben-dugme-ihlas-sfb4007","title":{"rendered":"\u015eOFBEN D\u00dc\u011eME \u0130HLAS \u015eFB4007"},"content":{"rendered":"<p>\u015eOFBEN D\u00dc\u011eME \u0130HLAS \u015eFB4007<\/p>\n","protected":false},"excerpt":{"rendered":"<p>\u015eOFBEN D\u00dc\u011eME \u0130HLAS \u015eFB4007<\/p>\n","protected":false},"featured_media":1753,"comment_status":"open","ping_status":"closed","template":"","meta":[],"product_cat":[1865,26],"product_tag":[1876,1875],"_links":{"self":[{"href":"http:\/\/www.kutupsogutma.net\/index.php?rest_route=\/wp\/v2\/product\/1752"}],"collection":[{"href":"http:\/\/www.kutupsogutma.net\/index.php?rest_route=\/wp\/v2\/product"}],"about":[{"href":"http:\/\/www.kutupsogutma.net\/index.php?rest_route=\/wp\/v2\/types\/product"}],"replies":[{"embeddable":true,"href":"http:\/\/www.kutupsogutma.net\/index.php?rest_route=%2Fwp%2Fv2%2Fcomments&post=1752"}],"wp:featuredmedia":[{"embeddable":true,"href":"http:\/\/www.kutupsogutma.net\/index.php?rest_route=\/wp\/v2\/media\/1753"}],"wp:attachment":[{"href":"http:\/\/www.kutupsogutma.net\/index.php?rest_route=%2Fwp%2Fv2%2Fmedia&parent=1752"}],"wp:term":[{"taxonomy":"product_cat","embeddable":true,"href":"http:\/\/www.kutupsogutma.net\/index.php?rest_route=%2Fwp%2Fv2%2Fproduct_cat&post=1752"},{"taxonomy":"product_tag","embeddable":true,"href":"http:\/\/www.kutupsogutma.net\/index.php?rest_route=%2Fwp%2Fv2%2Fproduct_tag&post=1752"}],"curies":[{"name":"wp","href":"https:\/\/api.w.org\/{rel}","templated":true}]}}