{"id":1707,"date":"2021-05-05T20:58:32","date_gmt":"2021-05-05T17:58:32","guid":{"rendered":"http:\/\/www.kutupsogutma.net\/?post_type=product&#038;p=1707"},"modified":"2021-05-05T20:59:30","modified_gmt":"2021-05-05T17:59:30","slug":"sofben-rezistans-termosifon-4-delikli-sfb0004","status":"publish","type":"product","link":"http:\/\/www.kutupsogutma.net\/?product=sofben-rezistans-termosifon-4-delikli-sfb0004","title":{"rendered":"\u015eOFBEN REZ\u0130STANS TERMOS\u0130FON 4 DEL\u0130KL\u0130 \u015eFB0004"},"content":{"rendered":"<p>\u015eOFBEN REZ\u0130STANS TERMOS\u0130FON 4 DEL\u0130KL\u0130 \u015eFB0004<\/p>\n","protected":false},"excerpt":{"rendered":"<p>\u015eOFBEN REZ\u0130STANS TERMOS\u0130FON 4 DEL\u0130KL\u0130 \u015eFB0004<\/p>\n","protected":false},"featured_media":1708,"comment_status":"open","ping_status":"closed","template":"","meta":[],"product_cat":[128,26],"product_tag":[1833,1834],"_links":{"self":[{"href":"http:\/\/www.kutupsogutma.net\/index.php?rest_route=\/wp\/v2\/product\/1707"}],"collection":[{"href":"http:\/\/www.kutupsogutma.net\/index.php?rest_route=\/wp\/v2\/product"}],"about":[{"href":"http:\/\/www.kutupsogutma.net\/index.php?rest_route=\/wp\/v2\/types\/product"}],"replies":[{"embeddable":true,"href":"http:\/\/www.kutupsogutma.net\/index.php?rest_route=%2Fwp%2Fv2%2Fcomments&post=1707"}],"wp:featuredmedia":[{"embeddable":true,"href":"http:\/\/www.kutupsogutma.net\/index.php?rest_route=\/wp\/v2\/media\/1708"}],"wp:attachment":[{"href":"http:\/\/www.kutupsogutma.net\/index.php?rest_route=%2Fwp%2Fv2%2Fmedia&parent=1707"}],"wp:term":[{"taxonomy":"product_cat","embeddable":true,"href":"http:\/\/www.kutupsogutma.net\/index.php?rest_route=%2Fwp%2Fv2%2Fproduct_cat&post=1707"},{"taxonomy":"product_tag","embeddable":true,"href":"http:\/\/www.kutupsogutma.net\/index.php?rest_route=%2Fwp%2Fv2%2Fproduct_tag&post=1707"}],"curies":[{"name":"wp","href":"https:\/\/api.w.org\/{rel}","templated":true}]}}