{"id":1664,"date":"2021-05-05T19:54:41","date_gmt":"2021-05-05T16:54:41","guid":{"rendered":"http:\/\/www.kutupsogutma.net\/?post_type=product&#038;p=1664"},"modified":"2021-05-05T19:55:35","modified_gmt":"2021-05-05T16:55:35","slug":"fan-motoru-aksiyel-300mm-30-luk-emici-sgt3001","status":"publish","type":"product","link":"http:\/\/www.kutupsogutma.net\/?product=fan-motoru-aksiyel-300mm-30-luk-emici-sgt3001","title":{"rendered":"FAN MOTORU AKS\u0130YEL 300MM 30 LUK EM\u0130C\u0130 SGT3001"},"content":{"rendered":"<p>FAN MOTORU AKS\u0130YEL 300MM 30 LUK EM\u0130C\u0130 SGT3001<\/p>\n","protected":false},"excerpt":{"rendered":"<p>FAN MOTORU AKS\u0130YEL 300MM 30 LUK EM\u0130C\u0130 SGT3001<\/p>\n","protected":false},"featured_media":1663,"comment_status":"open","ping_status":"closed","template":"","meta":[],"product_cat":[125,121],"product_tag":[1777,1776,1775],"_links":{"self":[{"href":"http:\/\/www.kutupsogutma.net\/index.php?rest_route=\/wp\/v2\/product\/1664"}],"collection":[{"href":"http:\/\/www.kutupsogutma.net\/index.php?rest_route=\/wp\/v2\/product"}],"about":[{"href":"http:\/\/www.kutupsogutma.net\/index.php?rest_route=\/wp\/v2\/types\/product"}],"replies":[{"embeddable":true,"href":"http:\/\/www.kutupsogutma.net\/index.php?rest_route=%2Fwp%2Fv2%2Fcomments&post=1664"}],"wp:featuredmedia":[{"embeddable":true,"href":"http:\/\/www.kutupsogutma.net\/index.php?rest_route=\/wp\/v2\/media\/1663"}],"wp:attachment":[{"href":"http:\/\/www.kutupsogutma.net\/index.php?rest_route=%2Fwp%2Fv2%2Fmedia&parent=1664"}],"wp:term":[{"taxonomy":"product_cat","embeddable":true,"href":"http:\/\/www.kutupsogutma.net\/index.php?rest_route=%2Fwp%2Fv2%2Fproduct_cat&post=1664"},{"taxonomy":"product_tag","embeddable":true,"href":"http:\/\/www.kutupsogutma.net\/index.php?rest_route=%2Fwp%2Fv2%2Fproduct_tag&post=1664"}],"curies":[{"name":"wp","href":"https:\/\/api.w.org\/{rel}","templated":true}]}}