{"id":1658,"date":"2021-05-05T19:50:41","date_gmt":"2021-05-05T16:50:41","guid":{"rendered":"http:\/\/www.kutupsogutma.net\/?post_type=product&#038;p=1658"},"modified":"2021-05-05T19:51:47","modified_gmt":"2021-05-05T16:51:47","slug":"vitrin-kapi-conta-yeni-tip-10-mt-sgt2012","status":"publish","type":"product","link":"http:\/\/www.kutupsogutma.net\/?product=vitrin-kapi-conta-yeni-tip-10-mt-sgt2012","title":{"rendered":"V\u0130TR\u0130N KAPI CONTA YEN\u0130 T\u0130P 10 MT SGT2012"},"content":{"rendered":"<p>V\u0130TR\u0130N KAPI CONTA YEN\u0130 T\u0130P 10 MT SGT2012<\/p>\n","protected":false},"excerpt":{"rendered":"<p>V\u0130TR\u0130N KAPI CONTA YEN\u0130 T\u0130P 10 MT SGT2012<\/p>\n","protected":false},"featured_media":1659,"comment_status":"open","ping_status":"closed","template":"","meta":[],"product_cat":[121,124],"product_tag":[1769,1768,1770],"_links":{"self":[{"href":"http:\/\/www.kutupsogutma.net\/index.php?rest_route=\/wp\/v2\/product\/1658"}],"collection":[{"href":"http:\/\/www.kutupsogutma.net\/index.php?rest_route=\/wp\/v2\/product"}],"about":[{"href":"http:\/\/www.kutupsogutma.net\/index.php?rest_route=\/wp\/v2\/types\/product"}],"replies":[{"embeddable":true,"href":"http:\/\/www.kutupsogutma.net\/index.php?rest_route=%2Fwp%2Fv2%2Fcomments&post=1658"}],"wp:featuredmedia":[{"embeddable":true,"href":"http:\/\/www.kutupsogutma.net\/index.php?rest_route=\/wp\/v2\/media\/1659"}],"wp:attachment":[{"href":"http:\/\/www.kutupsogutma.net\/index.php?rest_route=%2Fwp%2Fv2%2Fmedia&parent=1658"}],"wp:term":[{"taxonomy":"product_cat","embeddable":true,"href":"http:\/\/www.kutupsogutma.net\/index.php?rest_route=%2Fwp%2Fv2%2Fproduct_cat&post=1658"},{"taxonomy":"product_tag","embeddable":true,"href":"http:\/\/www.kutupsogutma.net\/index.php?rest_route=%2Fwp%2Fv2%2Fproduct_tag&post=1658"}],"curies":[{"name":"wp","href":"https:\/\/api.w.org\/{rel}","templated":true}]}}