{"id":1630,"date":"2021-05-05T18:58:11","date_gmt":"2021-05-05T15:58:11","guid":{"rendered":"http:\/\/www.kutupsogutma.net\/?post_type=product&#038;p=1630"},"modified":"2021-05-05T18:59:10","modified_gmt":"2021-05-05T15:59:10","slug":"termostat-vitrin-k50-1125-sgt1012","status":"publish","type":"product","link":"http:\/\/www.kutupsogutma.net\/?product=termostat-vitrin-k50-1125-sgt1012","title":{"rendered":"TERMOSTAT V\u0130TR\u0130N K50 1125 SGT1012"},"content":{"rendered":"<p>TERMOSTAT V\u0130TR\u0130N K50 1125 SGT1012<\/p>\n","protected":false},"excerpt":{"rendered":"<p>TERMOSTAT V\u0130TR\u0130N K50 1125 SGT1012<\/p>\n","protected":false},"featured_media":1631,"comment_status":"open","ping_status":"closed","template":"","meta":[],"product_cat":[123,121],"product_tag":[1725,1727,1728,1726],"_links":{"self":[{"href":"http:\/\/www.kutupsogutma.net\/index.php?rest_route=\/wp\/v2\/product\/1630"}],"collection":[{"href":"http:\/\/www.kutupsogutma.net\/index.php?rest_route=\/wp\/v2\/product"}],"about":[{"href":"http:\/\/www.kutupsogutma.net\/index.php?rest_route=\/wp\/v2\/types\/product"}],"replies":[{"embeddable":true,"href":"http:\/\/www.kutupsogutma.net\/index.php?rest_route=%2Fwp%2Fv2%2Fcomments&post=1630"}],"wp:featuredmedia":[{"embeddable":true,"href":"http:\/\/www.kutupsogutma.net\/index.php?rest_route=\/wp\/v2\/media\/1631"}],"wp:attachment":[{"href":"http:\/\/www.kutupsogutma.net\/index.php?rest_route=%2Fwp%2Fv2%2Fmedia&parent=1630"}],"wp:term":[{"taxonomy":"product_cat","embeddable":true,"href":"http:\/\/www.kutupsogutma.net\/index.php?rest_route=%2Fwp%2Fv2%2Fproduct_cat&post=1630"},{"taxonomy":"product_tag","embeddable":true,"href":"http:\/\/www.kutupsogutma.net\/index.php?rest_route=%2Fwp%2Fv2%2Fproduct_tag&post=1630"}],"curies":[{"name":"wp","href":"https:\/\/api.w.org\/{rel}","templated":true}]}}