{"id":1628,"date":"2021-05-05T18:57:09","date_gmt":"2021-05-05T15:57:09","guid":{"rendered":"http:\/\/www.kutupsogutma.net\/?post_type=product&#038;p=1628"},"modified":"2021-05-05T18:58:05","modified_gmt":"2021-05-05T15:58:05","slug":"termostat-vitrin-eski-tip-sgt1011","status":"publish","type":"product","link":"http:\/\/www.kutupsogutma.net\/?product=termostat-vitrin-eski-tip-sgt1011","title":{"rendered":"TERMOSTAT V\u0130TR\u0130N ESK\u0130 T\u0130P SGT1011"},"content":{"rendered":"<p>TERMOSTAT V\u0130TR\u0130N ESK\u0130 T\u0130P SGT1011<\/p>\n","protected":false},"excerpt":{"rendered":"<p>TERMOSTAT V\u0130TR\u0130N ESK\u0130 T\u0130P SGT1011<\/p>\n","protected":false},"featured_media":1629,"comment_status":"open","ping_status":"closed","template":"","meta":[],"product_cat":[123,121],"product_tag":[1725,1726],"_links":{"self":[{"href":"http:\/\/www.kutupsogutma.net\/index.php?rest_route=\/wp\/v2\/product\/1628"}],"collection":[{"href":"http:\/\/www.kutupsogutma.net\/index.php?rest_route=\/wp\/v2\/product"}],"about":[{"href":"http:\/\/www.kutupsogutma.net\/index.php?rest_route=\/wp\/v2\/types\/product"}],"replies":[{"embeddable":true,"href":"http:\/\/www.kutupsogutma.net\/index.php?rest_route=%2Fwp%2Fv2%2Fcomments&post=1628"}],"wp:featuredmedia":[{"embeddable":true,"href":"http:\/\/www.kutupsogutma.net\/index.php?rest_route=\/wp\/v2\/media\/1629"}],"wp:attachment":[{"href":"http:\/\/www.kutupsogutma.net\/index.php?rest_route=%2Fwp%2Fv2%2Fmedia&parent=1628"}],"wp:term":[{"taxonomy":"product_cat","embeddable":true,"href":"http:\/\/www.kutupsogutma.net\/index.php?rest_route=%2Fwp%2Fv2%2Fproduct_cat&post=1628"},{"taxonomy":"product_tag","embeddable":true,"href":"http:\/\/www.kutupsogutma.net\/index.php?rest_route=%2Fwp%2Fv2%2Fproduct_tag&post=1628"}],"curies":[{"name":"wp","href":"https:\/\/api.w.org\/{rel}","templated":true}]}}