{"id":1626,"date":"2021-05-05T18:55:40","date_gmt":"2021-05-05T15:55:40","guid":{"rendered":"http:\/\/www.kutupsogutma.net\/?post_type=product&#038;p=1626"},"modified":"2021-05-05T18:56:55","modified_gmt":"2021-05-05T15:56:55","slug":"termostat-presostat-ranco-alcak-yuksek-basinc-kombine-016-6951-sgt1010","status":"publish","type":"product","link":"http:\/\/www.kutupsogutma.net\/?product=termostat-presostat-ranco-alcak-yuksek-basinc-kombine-016-6951-sgt1010","title":{"rendered":"TERMOSTAT PRESOSTAT RANCO AL\u00c7AK-Y\u00dcKSEK BASIN\u00c7 KOMB\u0130NE 016-6951 SGT1010"},"content":{"rendered":"<p>TERMOSTAT PRESOSTAT RANCO AL\u00c7AK-Y\u00dcKSEK BASIN\u00c7 KOMB\u0130NE 016-6951 SGT1010<\/p>\n","protected":false},"excerpt":{"rendered":"<p>TERMOSTAT PRESOSTAT RANCO AL\u00c7AK-Y\u00dcKSEK BASIN\u00c7 KOMB\u0130NE 016-6951 SGT1010<\/p>\n","protected":false},"featured_media":1627,"comment_status":"open","ping_status":"closed","template":"","meta":[],"product_cat":[123,121],"product_tag":[1724,1723],"_links":{"self":[{"href":"http:\/\/www.kutupsogutma.net\/index.php?rest_route=\/wp\/v2\/product\/1626"}],"collection":[{"href":"http:\/\/www.kutupsogutma.net\/index.php?rest_route=\/wp\/v2\/product"}],"about":[{"href":"http:\/\/www.kutupsogutma.net\/index.php?rest_route=\/wp\/v2\/types\/product"}],"replies":[{"embeddable":true,"href":"http:\/\/www.kutupsogutma.net\/index.php?rest_route=%2Fwp%2Fv2%2Fcomments&post=1626"}],"wp:featuredmedia":[{"embeddable":true,"href":"http:\/\/www.kutupsogutma.net\/index.php?rest_route=\/wp\/v2\/media\/1627"}],"wp:attachment":[{"href":"http:\/\/www.kutupsogutma.net\/index.php?rest_route=%2Fwp%2Fv2%2Fmedia&parent=1626"}],"wp:term":[{"taxonomy":"product_cat","embeddable":true,"href":"http:\/\/www.kutupsogutma.net\/index.php?rest_route=%2Fwp%2Fv2%2Fproduct_cat&post=1626"},{"taxonomy":"product_tag","embeddable":true,"href":"http:\/\/www.kutupsogutma.net\/index.php?rest_route=%2Fwp%2Fv2%2Fproduct_tag&post=1626"}],"curies":[{"name":"wp","href":"https:\/\/api.w.org\/{rel}","templated":true}]}}