{"id":1620,"date":"2021-05-05T18:49:41","date_gmt":"2021-05-05T15:49:41","guid":{"rendered":"http:\/\/www.kutupsogutma.net\/?post_type=product&#038;p=1620"},"modified":"2021-05-05T18:51:49","modified_gmt":"2021-05-05T15:51:49","slug":"termostat-presostat-ranco-yuksek-basinc-presyon-o16h6750b01-otomatik-resetli-sgt1007","status":"publish","type":"product","link":"http:\/\/www.kutupsogutma.net\/?product=termostat-presostat-ranco-yuksek-basinc-presyon-o16h6750b01-otomatik-resetli-sgt1007","title":{"rendered":"TERMOSTAT PRESOSTAT RANCO Y\u00dcKSEK BASIN\u00c7 PRESYON O16H6750B01 OTOMAT\u0130K RESETL\u0130 SGT1007"},"content":{"rendered":"<p>TERMOSTAT PRESOSTAT RANCO Y\u00dcKSEK BASIN\u00c7 PRESYON O16H6750B01 OTOMAT\u0130K RESETL\u0130 SGT1007<\/p>\n","protected":false},"excerpt":{"rendered":"<p>TERMOSTAT PRESOSTAT RANCO Y\u00dcKSEK BASIN\u00c7 PRESYON O16H6750B01 OTOMAT\u0130K RESETL\u0130 SGT1007<\/p>\n","protected":false},"featured_media":1621,"comment_status":"open","ping_status":"closed","template":"","meta":[],"product_cat":[123,121],"product_tag":[1716,1715,1714,1717],"_links":{"self":[{"href":"http:\/\/www.kutupsogutma.net\/index.php?rest_route=\/wp\/v2\/product\/1620"}],"collection":[{"href":"http:\/\/www.kutupsogutma.net\/index.php?rest_route=\/wp\/v2\/product"}],"about":[{"href":"http:\/\/www.kutupsogutma.net\/index.php?rest_route=\/wp\/v2\/types\/product"}],"replies":[{"embeddable":true,"href":"http:\/\/www.kutupsogutma.net\/index.php?rest_route=%2Fwp%2Fv2%2Fcomments&post=1620"}],"wp:featuredmedia":[{"embeddable":true,"href":"http:\/\/www.kutupsogutma.net\/index.php?rest_route=\/wp\/v2\/media\/1621"}],"wp:attachment":[{"href":"http:\/\/www.kutupsogutma.net\/index.php?rest_route=%2Fwp%2Fv2%2Fmedia&parent=1620"}],"wp:term":[{"taxonomy":"product_cat","embeddable":true,"href":"http:\/\/www.kutupsogutma.net\/index.php?rest_route=%2Fwp%2Fv2%2Fproduct_cat&post=1620"},{"taxonomy":"product_tag","embeddable":true,"href":"http:\/\/www.kutupsogutma.net\/index.php?rest_route=%2Fwp%2Fv2%2Fproduct_tag&post=1620"}],"curies":[{"name":"wp","href":"https:\/\/api.w.org\/{rel}","templated":true}]}}