{"id":1616,"date":"2021-05-05T18:47:05","date_gmt":"2021-05-05T15:47:05","guid":{"rendered":"http:\/\/www.kutupsogutma.net\/?post_type=product&#038;p=1616"},"modified":"2021-05-05T18:48:25","modified_gmt":"2021-05-05T15:48:25","slug":"termostat-dijital-evco-2-uclu-tek-proplu-evkb21-sgt1005","status":"publish","type":"product","link":"http:\/\/www.kutupsogutma.net\/?product=termostat-dijital-evco-2-uclu-tek-proplu-evkb21-sgt1005","title":{"rendered":"TERMOSTAT D\u0130J\u0130TAL EVCO 2 U\u00c7LU-TEK PROPLU EVKB21 SGT1005"},"content":{"rendered":"<p>TERMOSTAT D\u0130J\u0130TAL EVCO 2 U\u00c7LU-TEK PROPLU EVKB21 SGT1005<\/p>\n","protected":false},"excerpt":{"rendered":"<p>TERMOSTAT D\u0130J\u0130TAL EVCO 2 U\u00c7LU-TEK PROPLU EVKB21 SGT1005<\/p>\n","protected":false},"featured_media":1617,"comment_status":"open","ping_status":"closed","template":"","meta":[],"product_cat":[123,121],"product_tag":[1710,1711],"_links":{"self":[{"href":"http:\/\/www.kutupsogutma.net\/index.php?rest_route=\/wp\/v2\/product\/1616"}],"collection":[{"href":"http:\/\/www.kutupsogutma.net\/index.php?rest_route=\/wp\/v2\/product"}],"about":[{"href":"http:\/\/www.kutupsogutma.net\/index.php?rest_route=\/wp\/v2\/types\/product"}],"replies":[{"embeddable":true,"href":"http:\/\/www.kutupsogutma.net\/index.php?rest_route=%2Fwp%2Fv2%2Fcomments&post=1616"}],"wp:featuredmedia":[{"embeddable":true,"href":"http:\/\/www.kutupsogutma.net\/index.php?rest_route=\/wp\/v2\/media\/1617"}],"wp:attachment":[{"href":"http:\/\/www.kutupsogutma.net\/index.php?rest_route=%2Fwp%2Fv2%2Fmedia&parent=1616"}],"wp:term":[{"taxonomy":"product_cat","embeddable":true,"href":"http:\/\/www.kutupsogutma.net\/index.php?rest_route=%2Fwp%2Fv2%2Fproduct_cat&post=1616"},{"taxonomy":"product_tag","embeddable":true,"href":"http:\/\/www.kutupsogutma.net\/index.php?rest_route=%2Fwp%2Fv2%2Fproduct_tag&post=1616"}],"curies":[{"name":"wp","href":"https:\/\/api.w.org\/{rel}","templated":true}]}}