{"id":1612,"date":"2021-05-05T18:44:02","date_gmt":"2021-05-05T15:44:02","guid":{"rendered":"http:\/\/www.kutupsogutma.net\/?post_type=product&#038;p=1612"},"modified":"2021-05-05T18:45:29","modified_gmt":"2021-05-05T15:45:29","slug":"termostat-dijital-srt512b-2-uclu-tek-proplu-sgt1003","status":"publish","type":"product","link":"http:\/\/www.kutupsogutma.net\/?product=termostat-dijital-srt512b-2-uclu-tek-proplu-sgt1003","title":{"rendered":"TERMOSTAT D\u0130J\u0130TAL (SRT512B) 2 U\u00c7LU-TEK PROPLU SGT1003"},"content":{"rendered":"<p>TERMOSTAT D\u0130J\u0130TAL (SRT512B) 2 U\u00c7LU-TEK PROPLU SGT1003<\/p>\n","protected":false},"excerpt":{"rendered":"<p>TERMOSTAT D\u0130J\u0130TAL (SRT512B) 2 U\u00c7LU-TEK PROPLU SGT1003<\/p>\n","protected":false},"featured_media":1613,"comment_status":"open","ping_status":"closed","template":"","meta":[],"product_cat":[123,121],"product_tag":[1707,1706],"_links":{"self":[{"href":"http:\/\/www.kutupsogutma.net\/index.php?rest_route=\/wp\/v2\/product\/1612"}],"collection":[{"href":"http:\/\/www.kutupsogutma.net\/index.php?rest_route=\/wp\/v2\/product"}],"about":[{"href":"http:\/\/www.kutupsogutma.net\/index.php?rest_route=\/wp\/v2\/types\/product"}],"replies":[{"embeddable":true,"href":"http:\/\/www.kutupsogutma.net\/index.php?rest_route=%2Fwp%2Fv2%2Fcomments&post=1612"}],"wp:featuredmedia":[{"embeddable":true,"href":"http:\/\/www.kutupsogutma.net\/index.php?rest_route=\/wp\/v2\/media\/1613"}],"wp:attachment":[{"href":"http:\/\/www.kutupsogutma.net\/index.php?rest_route=%2Fwp%2Fv2%2Fmedia&parent=1612"}],"wp:term":[{"taxonomy":"product_cat","embeddable":true,"href":"http:\/\/www.kutupsogutma.net\/index.php?rest_route=%2Fwp%2Fv2%2Fproduct_cat&post=1612"},{"taxonomy":"product_tag","embeddable":true,"href":"http:\/\/www.kutupsogutma.net\/index.php?rest_route=%2Fwp%2Fv2%2Fproduct_tag&post=1612"}],"curies":[{"name":"wp","href":"https:\/\/api.w.org\/{rel}","templated":true}]}}