{"id":1597,"date":"2021-05-05T18:35:04","date_gmt":"2021-05-05T15:35:04","guid":{"rendered":"http:\/\/www.kutupsogutma.net\/?post_type=product&#038;p=1597"},"modified":"2021-05-05T18:36:31","modified_gmt":"2021-05-05T15:36:31","slug":"expansion-igne-vd-05-termostatik-genlesme-vanasi-sgt0005","status":"publish","type":"product","link":"http:\/\/www.kutupsogutma.net\/?product=expansion-igne-vd-05-termostatik-genlesme-vanasi-sgt0005","title":{"rendered":"EXPANS\u0130ON \u0130\u011eNE VD 0,5 TERMOSTAT\u0130K GENLE\u015eME VANASI SGT0005"},"content":{"rendered":"<p>EXPANS\u0130ON \u0130\u011eNE VD 0,5 TERMOSTAT\u0130K GENLE\u015eME VANASI SGT0005<\/p>\n","protected":false},"excerpt":{"rendered":"<p>EXPANS\u0130ON \u0130\u011eNE VD 0,5 TERMOSTAT\u0130K GENLE\u015eME VANASI SGT0005<\/p>\n","protected":false},"featured_media":1598,"comment_status":"open","ping_status":"closed","template":"","meta":[],"product_cat":[122,121],"product_tag":[1692,1693],"_links":{"self":[{"href":"http:\/\/www.kutupsogutma.net\/index.php?rest_route=\/wp\/v2\/product\/1597"}],"collection":[{"href":"http:\/\/www.kutupsogutma.net\/index.php?rest_route=\/wp\/v2\/product"}],"about":[{"href":"http:\/\/www.kutupsogutma.net\/index.php?rest_route=\/wp\/v2\/types\/product"}],"replies":[{"embeddable":true,"href":"http:\/\/www.kutupsogutma.net\/index.php?rest_route=%2Fwp%2Fv2%2Fcomments&post=1597"}],"wp:featuredmedia":[{"embeddable":true,"href":"http:\/\/www.kutupsogutma.net\/index.php?rest_route=\/wp\/v2\/media\/1598"}],"wp:attachment":[{"href":"http:\/\/www.kutupsogutma.net\/index.php?rest_route=%2Fwp%2Fv2%2Fmedia&parent=1597"}],"wp:term":[{"taxonomy":"product_cat","embeddable":true,"href":"http:\/\/www.kutupsogutma.net\/index.php?rest_route=%2Fwp%2Fv2%2Fproduct_cat&post=1597"},{"taxonomy":"product_tag","embeddable":true,"href":"http:\/\/www.kutupsogutma.net\/index.php?rest_route=%2Fwp%2Fv2%2Fproduct_tag&post=1597"}],"curies":[{"name":"wp","href":"https:\/\/api.w.org\/{rel}","templated":true}]}}