{"id":1575,"date":"2021-05-05T18:21:00","date_gmt":"2021-05-05T15:21:00","guid":{"rendered":"http:\/\/www.kutupsogutma.net\/?post_type=product&#038;p=1575"},"modified":"2021-05-05T18:22:15","modified_gmt":"2021-05-05T15:22:15","slug":"kombi-diyafram-conta-alarko-susler-dogsan-serena-kom7010","status":"publish","type":"product","link":"http:\/\/www.kutupsogutma.net\/?product=kombi-diyafram-conta-alarko-susler-dogsan-serena-kom7010","title":{"rendered":"KOMB\u0130 D\u0130YAFRAM CONTA ALARKO-S\u00dcSLER-DO\u011eSAN-SERENA KOM7010"},"content":{"rendered":"<p>KOMB\u0130 D\u0130YAFRAM CONTA ALARKO-S\u00dcSLER-DO\u011eSAN-SERENA KOM7010<\/p>\n","protected":false},"excerpt":{"rendered":"<p>KOMB\u0130 D\u0130YAFRAM CONTA ALARKO-S\u00dcSLER-DO\u011eSAN-SERENA KOM7010<\/p>\n","protected":false},"featured_media":1576,"comment_status":"open","ping_status":"closed","template":"","meta":[],"product_cat":[120,24],"product_tag":[1671,1670],"_links":{"self":[{"href":"http:\/\/www.kutupsogutma.net\/index.php?rest_route=\/wp\/v2\/product\/1575"}],"collection":[{"href":"http:\/\/www.kutupsogutma.net\/index.php?rest_route=\/wp\/v2\/product"}],"about":[{"href":"http:\/\/www.kutupsogutma.net\/index.php?rest_route=\/wp\/v2\/types\/product"}],"replies":[{"embeddable":true,"href":"http:\/\/www.kutupsogutma.net\/index.php?rest_route=%2Fwp%2Fv2%2Fcomments&post=1575"}],"wp:featuredmedia":[{"embeddable":true,"href":"http:\/\/www.kutupsogutma.net\/index.php?rest_route=\/wp\/v2\/media\/1576"}],"wp:attachment":[{"href":"http:\/\/www.kutupsogutma.net\/index.php?rest_route=%2Fwp%2Fv2%2Fmedia&parent=1575"}],"wp:term":[{"taxonomy":"product_cat","embeddable":true,"href":"http:\/\/www.kutupsogutma.net\/index.php?rest_route=%2Fwp%2Fv2%2Fproduct_cat&post=1575"},{"taxonomy":"product_tag","embeddable":true,"href":"http:\/\/www.kutupsogutma.net\/index.php?rest_route=%2Fwp%2Fv2%2Fproduct_tag&post=1575"}],"curies":[{"name":"wp","href":"https:\/\/api.w.org\/{rel}","templated":true}]}}