{"id":1478,"date":"2021-05-04T15:15:03","date_gmt":"2021-05-04T12:15:03","guid":{"rendered":"http:\/\/www.kutupsogutma.net\/?post_type=product&#038;p=1478"},"modified":"2021-05-04T15:16:10","modified_gmt":"2021-05-04T12:16:10","slug":"kor-tapa-1-4-pirinc-klm5015","status":"publish","type":"product","link":"http:\/\/www.kutupsogutma.net\/?product=kor-tapa-1-4-pirinc-klm5015","title":{"rendered":"K\u00d6R TAPA 1\/4 P\u0130R\u0130N\u00c7 KLM5015"},"content":{"rendered":"<p>K\u00d6R TAPA 1\/4 P\u0130R\u0130N\u00c7 KLM5015<\/p>\n","protected":false},"excerpt":{"rendered":"<p>K\u00d6R TAPA 1\/4 P\u0130R\u0130N\u00c7 KLM5015<\/p>\n","protected":false},"featured_media":1479,"comment_status":"open","ping_status":"closed","template":"","meta":[],"product_cat":[23,109],"product_tag":[1574,1573],"_links":{"self":[{"href":"http:\/\/www.kutupsogutma.net\/index.php?rest_route=\/wp\/v2\/product\/1478"}],"collection":[{"href":"http:\/\/www.kutupsogutma.net\/index.php?rest_route=\/wp\/v2\/product"}],"about":[{"href":"http:\/\/www.kutupsogutma.net\/index.php?rest_route=\/wp\/v2\/types\/product"}],"replies":[{"embeddable":true,"href":"http:\/\/www.kutupsogutma.net\/index.php?rest_route=%2Fwp%2Fv2%2Fcomments&post=1478"}],"wp:featuredmedia":[{"embeddable":true,"href":"http:\/\/www.kutupsogutma.net\/index.php?rest_route=\/wp\/v2\/media\/1479"}],"wp:attachment":[{"href":"http:\/\/www.kutupsogutma.net\/index.php?rest_route=%2Fwp%2Fv2%2Fmedia&parent=1478"}],"wp:term":[{"taxonomy":"product_cat","embeddable":true,"href":"http:\/\/www.kutupsogutma.net\/index.php?rest_route=%2Fwp%2Fv2%2Fproduct_cat&post=1478"},{"taxonomy":"product_tag","embeddable":true,"href":"http:\/\/www.kutupsogutma.net\/index.php?rest_route=%2Fwp%2Fv2%2Fproduct_tag&post=1478"}],"curies":[{"name":"wp","href":"https:\/\/api.w.org\/{rel}","templated":true}]}}