{"id":1467,"date":"2021-05-04T15:07:58","date_gmt":"2021-05-04T12:07:58","guid":{"rendered":"http:\/\/www.kutupsogutma.net\/?post_type=product&#038;p=1467"},"modified":"2021-05-04T15:09:00","modified_gmt":"2021-05-04T12:09:00","slug":"unyon-rediksiyon-erkek-erkek-1-2-5-8-pirinc-klm5008","status":"publish","type":"product","link":"http:\/\/www.kutupsogutma.net\/?product=unyon-rediksiyon-erkek-erkek-1-2-5-8-pirinc-klm5008","title":{"rendered":"\u00dcNYON RED\u0130KS\u0130YON ERKEK ERKEK 1\/2-5\/8 P\u0130R\u0130N\u00c7 KLM5008"},"content":{"rendered":"<p>\u00dcNYON RED\u0130KS\u0130YON ERKEK ERKEK 1\/2-5\/8 P\u0130R\u0130N\u00c7 KLM5008<\/p>\n","protected":false},"excerpt":{"rendered":"<p>\u00dcNYON RED\u0130KS\u0130YON ERKEK ERKEK 1\/2-5\/8 P\u0130R\u0130N\u00c7 KLM5008<\/p>\n","protected":false},"featured_media":1468,"comment_status":"open","ping_status":"closed","template":"","meta":[],"product_cat":[23,109],"product_tag":[1560,1559],"_links":{"self":[{"href":"http:\/\/www.kutupsogutma.net\/index.php?rest_route=\/wp\/v2\/product\/1467"}],"collection":[{"href":"http:\/\/www.kutupsogutma.net\/index.php?rest_route=\/wp\/v2\/product"}],"about":[{"href":"http:\/\/www.kutupsogutma.net\/index.php?rest_route=\/wp\/v2\/types\/product"}],"replies":[{"embeddable":true,"href":"http:\/\/www.kutupsogutma.net\/index.php?rest_route=%2Fwp%2Fv2%2Fcomments&post=1467"}],"wp:featuredmedia":[{"embeddable":true,"href":"http:\/\/www.kutupsogutma.net\/index.php?rest_route=\/wp\/v2\/media\/1468"}],"wp:attachment":[{"href":"http:\/\/www.kutupsogutma.net\/index.php?rest_route=%2Fwp%2Fv2%2Fmedia&parent=1467"}],"wp:term":[{"taxonomy":"product_cat","embeddable":true,"href":"http:\/\/www.kutupsogutma.net\/index.php?rest_route=%2Fwp%2Fv2%2Fproduct_cat&post=1467"},{"taxonomy":"product_tag","embeddable":true,"href":"http:\/\/www.kutupsogutma.net\/index.php?rest_route=%2Fwp%2Fv2%2Fproduct_tag&post=1467"}],"curies":[{"name":"wp","href":"https:\/\/api.w.org\/{rel}","templated":true}]}}