{"id":1377,"date":"2021-05-04T12:25:14","date_gmt":"2021-05-04T09:25:14","guid":{"rendered":"http:\/\/www.kutupsogutma.net\/?post_type=product&#038;p=1377"},"modified":"2021-05-04T12:26:34","modified_gmt":"2021-05-04T09:26:34","slug":"aspirator-filtre-karbon-buyuk-155cm-ka4002","status":"publish","type":"product","link":"http:\/\/www.kutupsogutma.net\/?product=aspirator-filtre-karbon-buyuk-155cm-ka4002","title":{"rendered":"ASP\u0130RAT\u00d6R F\u0130LTRE KARBON B\u00dcY\u00dcK 15,5CM KA4002"},"content":{"rendered":"<p>ASP\u0130RAT\u00d6R F\u0130LTRE KARBON B\u00dcY\u00dcK 15,5CM KA4002<\/p>\n","protected":false},"excerpt":{"rendered":"<p>ASP\u0130RAT\u00d6R F\u0130LTRE KARBON B\u00dcY\u00dcK 15,5CM KA4002<\/p>\n","protected":false},"featured_media":1378,"comment_status":"open","ping_status":"closed","template":"","meta":[],"product_cat":[103,17],"product_tag":[1446,1447,1448],"_links":{"self":[{"href":"http:\/\/www.kutupsogutma.net\/index.php?rest_route=\/wp\/v2\/product\/1377"}],"collection":[{"href":"http:\/\/www.kutupsogutma.net\/index.php?rest_route=\/wp\/v2\/product"}],"about":[{"href":"http:\/\/www.kutupsogutma.net\/index.php?rest_route=\/wp\/v2\/types\/product"}],"replies":[{"embeddable":true,"href":"http:\/\/www.kutupsogutma.net\/index.php?rest_route=%2Fwp%2Fv2%2Fcomments&post=1377"}],"wp:featuredmedia":[{"embeddable":true,"href":"http:\/\/www.kutupsogutma.net\/index.php?rest_route=\/wp\/v2\/media\/1378"}],"wp:attachment":[{"href":"http:\/\/www.kutupsogutma.net\/index.php?rest_route=%2Fwp%2Fv2%2Fmedia&parent=1377"}],"wp:term":[{"taxonomy":"product_cat","embeddable":true,"href":"http:\/\/www.kutupsogutma.net\/index.php?rest_route=%2Fwp%2Fv2%2Fproduct_cat&post=1377"},{"taxonomy":"product_tag","embeddable":true,"href":"http:\/\/www.kutupsogutma.net\/index.php?rest_route=%2Fwp%2Fv2%2Fproduct_tag&post=1377"}],"curies":[{"name":"wp","href":"https:\/\/api.w.org\/{rel}","templated":true}]}}