{"id":1336,"date":"2021-05-04T12:01:37","date_gmt":"2021-05-04T09:01:37","guid":{"rendered":"http:\/\/www.kutupsogutma.net\/?post_type=product&#038;p=1336"},"modified":"2021-05-04T12:02:34","modified_gmt":"2021-05-04T09:02:34","slug":"tost-makinesi-rezistans-arzum-900w-tr02-ka0003","status":"publish","type":"product","link":"http:\/\/www.kutupsogutma.net\/?product=tost-makinesi-rezistans-arzum-900w-tr02-ka0003","title":{"rendered":"TOST MAK\u0130NES\u0130 REZ\u0130STANS ARZUM 900W TR02 KA0003"},"content":{"rendered":"<p>TOST MAK\u0130NES\u0130 REZ\u0130STANS ARZUM 900W TR02 KA0003<\/p>\n","protected":false},"excerpt":{"rendered":"<p>TOST MAK\u0130NES\u0130 REZ\u0130STANS ARZUM 900W TR02 KA0003<\/p>\n","protected":false},"featured_media":1337,"comment_status":"open","ping_status":"closed","template":"","meta":[],"product_cat":[17,99],"product_tag":[1421,1420],"_links":{"self":[{"href":"http:\/\/www.kutupsogutma.net\/index.php?rest_route=\/wp\/v2\/product\/1336"}],"collection":[{"href":"http:\/\/www.kutupsogutma.net\/index.php?rest_route=\/wp\/v2\/product"}],"about":[{"href":"http:\/\/www.kutupsogutma.net\/index.php?rest_route=\/wp\/v2\/types\/product"}],"replies":[{"embeddable":true,"href":"http:\/\/www.kutupsogutma.net\/index.php?rest_route=%2Fwp%2Fv2%2Fcomments&post=1336"}],"wp:featuredmedia":[{"embeddable":true,"href":"http:\/\/www.kutupsogutma.net\/index.php?rest_route=\/wp\/v2\/media\/1337"}],"wp:attachment":[{"href":"http:\/\/www.kutupsogutma.net\/index.php?rest_route=%2Fwp%2Fv2%2Fmedia&parent=1336"}],"wp:term":[{"taxonomy":"product_cat","embeddable":true,"href":"http:\/\/www.kutupsogutma.net\/index.php?rest_route=%2Fwp%2Fv2%2Fproduct_cat&post=1336"},{"taxonomy":"product_tag","embeddable":true,"href":"http:\/\/www.kutupsogutma.net\/index.php?rest_route=%2Fwp%2Fv2%2Fproduct_tag&post=1336"}],"curies":[{"name":"wp","href":"https:\/\/api.w.org\/{rel}","templated":true}]}}