{"id":1327,"date":"2021-05-04T11:30:52","date_gmt":"2021-05-04T08:30:52","guid":{"rendered":"http:\/\/www.kutupsogutma.net\/?post_type=product&#038;p=1327"},"modified":"2021-05-04T11:31:34","modified_gmt":"2021-05-04T08:31:34","slug":"oksijen-kaynak-seti-6lt-gz4006","status":"publish","type":"product","link":"http:\/\/www.kutupsogutma.net\/?product=oksijen-kaynak-seti-6lt-gz4006","title":{"rendered":"OKS\u0130JEN KAYNAK SET\u0130 6LT  GZ4006"},"content":{"rendered":"<p>OKS\u0130JEN KAYNAK SET\u0130 6LT GZ4006<\/p>\n","protected":false},"excerpt":{"rendered":"<p>OKS\u0130JEN KAYNAK SET\u0130 6LT GZ4006<\/p>\n","protected":false},"featured_media":1328,"comment_status":"open","ping_status":"closed","template":"","meta":[],"product_cat":[27,98],"product_tag":[1416],"_links":{"self":[{"href":"http:\/\/www.kutupsogutma.net\/index.php?rest_route=\/wp\/v2\/product\/1327"}],"collection":[{"href":"http:\/\/www.kutupsogutma.net\/index.php?rest_route=\/wp\/v2\/product"}],"about":[{"href":"http:\/\/www.kutupsogutma.net\/index.php?rest_route=\/wp\/v2\/types\/product"}],"replies":[{"embeddable":true,"href":"http:\/\/www.kutupsogutma.net\/index.php?rest_route=%2Fwp%2Fv2%2Fcomments&post=1327"}],"wp:featuredmedia":[{"embeddable":true,"href":"http:\/\/www.kutupsogutma.net\/index.php?rest_route=\/wp\/v2\/media\/1328"}],"wp:attachment":[{"href":"http:\/\/www.kutupsogutma.net\/index.php?rest_route=%2Fwp%2Fv2%2Fmedia&parent=1327"}],"wp:term":[{"taxonomy":"product_cat","embeddable":true,"href":"http:\/\/www.kutupsogutma.net\/index.php?rest_route=%2Fwp%2Fv2%2Fproduct_cat&post=1327"},{"taxonomy":"product_tag","embeddable":true,"href":"http:\/\/www.kutupsogutma.net\/index.php?rest_route=%2Fwp%2Fv2%2Fproduct_tag&post=1327"}],"curies":[{"name":"wp","href":"https:\/\/api.w.org\/{rel}","templated":true}]}}