{"id":1325,"date":"2021-05-04T11:29:59","date_gmt":"2021-05-04T08:29:59","guid":{"rendered":"http:\/\/www.kutupsogutma.net\/?post_type=product&#038;p=1325"},"modified":"2021-05-04T11:30:46","modified_gmt":"2021-05-04T08:30:46","slug":"oksijen-kaynak-tup-kafasi-kucuk-bas-5-8-gz4005","status":"publish","type":"product","link":"http:\/\/www.kutupsogutma.net\/?product=oksijen-kaynak-tup-kafasi-kucuk-bas-5-8-gz4005","title":{"rendered":"OKS\u0130JEN KAYNAK T\u00dcP KAFASI K\u00dc\u00c7\u00dcK BA\u015e 5\/8 GZ4005"},"content":{"rendered":"<p>OKS\u0130JEN KAYNAK T\u00dcP KAFASI K\u00dc\u00c7\u00dcK BA\u015e 5\/8 GZ4005<\/p>\n","protected":false},"excerpt":{"rendered":"<p>OKS\u0130JEN KAYNAK T\u00dcP KAFASI K\u00dc\u00c7\u00dcK BA\u015e 5\/8 GZ4005<\/p>\n","protected":false},"featured_media":1326,"comment_status":"open","ping_status":"closed","template":"","meta":[],"product_cat":[27,98],"product_tag":[1415],"_links":{"self":[{"href":"http:\/\/www.kutupsogutma.net\/index.php?rest_route=\/wp\/v2\/product\/1325"}],"collection":[{"href":"http:\/\/www.kutupsogutma.net\/index.php?rest_route=\/wp\/v2\/product"}],"about":[{"href":"http:\/\/www.kutupsogutma.net\/index.php?rest_route=\/wp\/v2\/types\/product"}],"replies":[{"embeddable":true,"href":"http:\/\/www.kutupsogutma.net\/index.php?rest_route=%2Fwp%2Fv2%2Fcomments&post=1325"}],"wp:featuredmedia":[{"embeddable":true,"href":"http:\/\/www.kutupsogutma.net\/index.php?rest_route=\/wp\/v2\/media\/1326"}],"wp:attachment":[{"href":"http:\/\/www.kutupsogutma.net\/index.php?rest_route=%2Fwp%2Fv2%2Fmedia&parent=1325"}],"wp:term":[{"taxonomy":"product_cat","embeddable":true,"href":"http:\/\/www.kutupsogutma.net\/index.php?rest_route=%2Fwp%2Fv2%2Fproduct_cat&post=1325"},{"taxonomy":"product_tag","embeddable":true,"href":"http:\/\/www.kutupsogutma.net\/index.php?rest_route=%2Fwp%2Fv2%2Fproduct_tag&post=1325"}],"curies":[{"name":"wp","href":"https:\/\/api.w.org\/{rel}","templated":true}]}}