{"id":1323,"date":"2021-05-04T11:28:24","date_gmt":"2021-05-04T08:28:24","guid":{"rendered":"http:\/\/www.kutupsogutma.net\/?post_type=product&#038;p=1323"},"modified":"2021-05-04T11:29:49","modified_gmt":"2021-05-04T08:29:49","slug":"oksijen-kaynak-tup-kafasi-buyuk-bas-3-4-gz4004","status":"publish","type":"product","link":"http:\/\/www.kutupsogutma.net\/?product=oksijen-kaynak-tup-kafasi-buyuk-bas-3-4-gz4004","title":{"rendered":"OKS\u0130JEN KAYNAK T\u00dcP KAFASI B\u00dcY\u00dcK BA\u015e 3\/4 GZ4004"},"content":{"rendered":"<p>OKS\u0130JEN KAYNAK T\u00dcP KAFASI B\u00dcY\u00dcK BA\u015e 3\/4 GZ4004<\/p>\n","protected":false},"excerpt":{"rendered":"<p>OKS\u0130JEN KAYNAK T\u00dcP KAFASI B\u00dcY\u00dcK BA\u015e 3\/4 GZ4004<\/p>\n","protected":false},"featured_media":1324,"comment_status":"open","ping_status":"closed","template":"","meta":[],"product_cat":[27,98],"product_tag":[1414],"_links":{"self":[{"href":"http:\/\/www.kutupsogutma.net\/index.php?rest_route=\/wp\/v2\/product\/1323"}],"collection":[{"href":"http:\/\/www.kutupsogutma.net\/index.php?rest_route=\/wp\/v2\/product"}],"about":[{"href":"http:\/\/www.kutupsogutma.net\/index.php?rest_route=\/wp\/v2\/types\/product"}],"replies":[{"embeddable":true,"href":"http:\/\/www.kutupsogutma.net\/index.php?rest_route=%2Fwp%2Fv2%2Fcomments&post=1323"}],"wp:featuredmedia":[{"embeddable":true,"href":"http:\/\/www.kutupsogutma.net\/index.php?rest_route=\/wp\/v2\/media\/1324"}],"wp:attachment":[{"href":"http:\/\/www.kutupsogutma.net\/index.php?rest_route=%2Fwp%2Fv2%2Fmedia&parent=1323"}],"wp:term":[{"taxonomy":"product_cat","embeddable":true,"href":"http:\/\/www.kutupsogutma.net\/index.php?rest_route=%2Fwp%2Fv2%2Fproduct_cat&post=1323"},{"taxonomy":"product_tag","embeddable":true,"href":"http:\/\/www.kutupsogutma.net\/index.php?rest_route=%2Fwp%2Fv2%2Fproduct_tag&post=1323"}],"curies":[{"name":"wp","href":"https:\/\/api.w.org\/{rel}","templated":true}]}}