{"id":1265,"date":"2021-05-04T10:12:40","date_gmt":"2021-05-04T07:12:40","guid":{"rendered":"http:\/\/www.kutupsogutma.net\/?post_type=product&#038;p=1265"},"modified":"2021-05-04T10:42:49","modified_gmt":"2021-05-04T07:42:49","slug":"firin-kolu-kulp-takimi-arcelik-plastik-beyaz-set-frn11006","status":"publish","type":"product","link":"http:\/\/www.kutupsogutma.net\/?product=firin-kolu-kulp-takimi-arcelik-plastik-beyaz-set-frn11006","title":{"rendered":"FIRIN KOLU KULP TAKIMI AR\u00c7EL\u0130K PLAST\u0130K BEYAZ SET FRN11006"},"content":{"rendered":"<p>FIRIN KOLU KULP TAKIMI AR\u00c7EL\u0130K PLAST\u0130K BEYAZ SET FRN11006<\/p>\n","protected":false},"excerpt":{"rendered":"<p>FIRIN KOLU KULP TAKIMI AR\u00c7EL\u0130K PLAST\u0130K BEYAZ SET FRN11006<\/p>\n","protected":false},"featured_media":1266,"comment_status":"open","ping_status":"closed","template":"","meta":[],"product_cat":[93,22],"product_tag":[1366,1365,1367],"_links":{"self":[{"href":"http:\/\/www.kutupsogutma.net\/index.php?rest_route=\/wp\/v2\/product\/1265"}],"collection":[{"href":"http:\/\/www.kutupsogutma.net\/index.php?rest_route=\/wp\/v2\/product"}],"about":[{"href":"http:\/\/www.kutupsogutma.net\/index.php?rest_route=\/wp\/v2\/types\/product"}],"replies":[{"embeddable":true,"href":"http:\/\/www.kutupsogutma.net\/index.php?rest_route=%2Fwp%2Fv2%2Fcomments&post=1265"}],"wp:featuredmedia":[{"embeddable":true,"href":"http:\/\/www.kutupsogutma.net\/index.php?rest_route=\/wp\/v2\/media\/1266"}],"wp:attachment":[{"href":"http:\/\/www.kutupsogutma.net\/index.php?rest_route=%2Fwp%2Fv2%2Fmedia&parent=1265"}],"wp:term":[{"taxonomy":"product_cat","embeddable":true,"href":"http:\/\/www.kutupsogutma.net\/index.php?rest_route=%2Fwp%2Fv2%2Fproduct_cat&post=1265"},{"taxonomy":"product_tag","embeddable":true,"href":"http:\/\/www.kutupsogutma.net\/index.php?rest_route=%2Fwp%2Fv2%2Fproduct_tag&post=1265"}],"curies":[{"name":"wp","href":"https:\/\/api.w.org\/{rel}","templated":true}]}}