{"id":1257,"date":"2021-05-04T10:08:44","date_gmt":"2021-05-04T07:08:44","guid":{"rendered":"http:\/\/www.kutupsogutma.net\/?post_type=product&#038;p=1257"},"modified":"2021-05-04T10:09:34","modified_gmt":"2021-05-04T07:09:34","slug":"firin-ayak-kucuk-siyah-frn11002","status":"publish","type":"product","link":"http:\/\/www.kutupsogutma.net\/?product=firin-ayak-kucuk-siyah-frn11002","title":{"rendered":"FIRIN AYAK K\u00dc\u00c7\u00dcK S\u0130YAH FRN11002"},"content":{"rendered":"<p>FIRIN AYAK K\u00dc\u00c7\u00dcK S\u0130YAH FRN11002<\/p>\n","protected":false},"excerpt":{"rendered":"<p>FIRIN AYAK K\u00dc\u00c7\u00dcK S\u0130YAH FRN11002<\/p>\n","protected":false},"featured_media":1258,"comment_status":"open","ping_status":"closed","template":"","meta":[],"product_cat":[93,22],"product_tag":[1362],"_links":{"self":[{"href":"http:\/\/www.kutupsogutma.net\/index.php?rest_route=\/wp\/v2\/product\/1257"}],"collection":[{"href":"http:\/\/www.kutupsogutma.net\/index.php?rest_route=\/wp\/v2\/product"}],"about":[{"href":"http:\/\/www.kutupsogutma.net\/index.php?rest_route=\/wp\/v2\/types\/product"}],"replies":[{"embeddable":true,"href":"http:\/\/www.kutupsogutma.net\/index.php?rest_route=%2Fwp%2Fv2%2Fcomments&post=1257"}],"wp:featuredmedia":[{"embeddable":true,"href":"http:\/\/www.kutupsogutma.net\/index.php?rest_route=\/wp\/v2\/media\/1258"}],"wp:attachment":[{"href":"http:\/\/www.kutupsogutma.net\/index.php?rest_route=%2Fwp%2Fv2%2Fmedia&parent=1257"}],"wp:term":[{"taxonomy":"product_cat","embeddable":true,"href":"http:\/\/www.kutupsogutma.net\/index.php?rest_route=%2Fwp%2Fv2%2Fproduct_cat&post=1257"},{"taxonomy":"product_tag","embeddable":true,"href":"http:\/\/www.kutupsogutma.net\/index.php?rest_route=%2Fwp%2Fv2%2Fproduct_tag&post=1257"}],"curies":[{"name":"wp","href":"https:\/\/api.w.org\/{rel}","templated":true}]}}