{"id":1243,"date":"2021-05-04T09:58:03","date_gmt":"2021-05-04T06:58:03","guid":{"rendered":"http:\/\/www.kutupsogutma.net\/?post_type=product&#038;p=1243"},"modified":"2021-05-04T09:58:57","modified_gmt":"2021-05-04T06:58:57","slug":"sanayi-musluk-dugmesi-metal-mavi-frn9007","status":"publish","type":"product","link":"http:\/\/www.kutupsogutma.net\/?product=sanayi-musluk-dugmesi-metal-mavi-frn9007","title":{"rendered":"SANAY\u0130 MUSLUK D\u00dc\u011eMES\u0130 METAL MAV\u0130 FRN9007"},"content":{"rendered":"<p>SANAY\u0130 MUSLUK D\u00dc\u011eMES\u0130 METAL MAV\u0130 FRN9007<\/p>\n","protected":false},"excerpt":{"rendered":"<p>SANAY\u0130 MUSLUK D\u00dc\u011eMES\u0130 METAL MAV\u0130 FRN9007<\/p>\n","protected":false},"featured_media":1244,"comment_status":"open","ping_status":"closed","template":"","meta":[],"product_cat":[91,22],"product_tag":[1349,1350,1351],"_links":{"self":[{"href":"http:\/\/www.kutupsogutma.net\/index.php?rest_route=\/wp\/v2\/product\/1243"}],"collection":[{"href":"http:\/\/www.kutupsogutma.net\/index.php?rest_route=\/wp\/v2\/product"}],"about":[{"href":"http:\/\/www.kutupsogutma.net\/index.php?rest_route=\/wp\/v2\/types\/product"}],"replies":[{"embeddable":true,"href":"http:\/\/www.kutupsogutma.net\/index.php?rest_route=%2Fwp%2Fv2%2Fcomments&post=1243"}],"wp:featuredmedia":[{"embeddable":true,"href":"http:\/\/www.kutupsogutma.net\/index.php?rest_route=\/wp\/v2\/media\/1244"}],"wp:attachment":[{"href":"http:\/\/www.kutupsogutma.net\/index.php?rest_route=%2Fwp%2Fv2%2Fmedia&parent=1243"}],"wp:term":[{"taxonomy":"product_cat","embeddable":true,"href":"http:\/\/www.kutupsogutma.net\/index.php?rest_route=%2Fwp%2Fv2%2Fproduct_cat&post=1243"},{"taxonomy":"product_tag","embeddable":true,"href":"http:\/\/www.kutupsogutma.net\/index.php?rest_route=%2Fwp%2Fv2%2Fproduct_tag&post=1243"}],"curies":[{"name":"wp","href":"https:\/\/api.w.org\/{rel}","templated":true}]}}