{"id":1197,"date":"2021-05-03T15:22:06","date_gmt":"2021-05-03T12:22:06","guid":{"rendered":"http:\/\/www.kutupsogutma.net\/?post_type=product&#038;p=1197"},"modified":"2021-05-03T15:23:46","modified_gmt":"2021-05-03T12:23:46","slug":"firin-salter-neon-lamba-gozu-soketli-kirmizi-kablolu-frn7001","status":"publish","type":"product","link":"http:\/\/www.kutupsogutma.net\/?product=firin-salter-neon-lamba-gozu-soketli-kirmizi-kablolu-frn7001","title":{"rendered":"FIRIN \u015eALTER NEON LAMBA G\u00d6Z\u00dc SOKETL\u0130 KIRMIZI KABLOLU FRN7001"},"content":{"rendered":"<p>FIRIN \u015eALTER NEON LAMBA G\u00d6Z\u00dc SOKETL\u0130 KIRMIZI KABLOLU FRN7001<\/p>\n","protected":false},"excerpt":{"rendered":"<p>FIRIN \u015eALTER NEON LAMBA G\u00d6Z\u00dc SOKETL\u0130 KIRMIZI KABLOLU FRN7001<\/p>\n","protected":false},"featured_media":1198,"comment_status":"open","ping_status":"closed","template":"","meta":[],"product_cat":[89,22],"product_tag":[1326,1328],"_links":{"self":[{"href":"http:\/\/www.kutupsogutma.net\/index.php?rest_route=\/wp\/v2\/product\/1197"}],"collection":[{"href":"http:\/\/www.kutupsogutma.net\/index.php?rest_route=\/wp\/v2\/product"}],"about":[{"href":"http:\/\/www.kutupsogutma.net\/index.php?rest_route=\/wp\/v2\/types\/product"}],"replies":[{"embeddable":true,"href":"http:\/\/www.kutupsogutma.net\/index.php?rest_route=%2Fwp%2Fv2%2Fcomments&post=1197"}],"wp:featuredmedia":[{"embeddable":true,"href":"http:\/\/www.kutupsogutma.net\/index.php?rest_route=\/wp\/v2\/media\/1198"}],"wp:attachment":[{"href":"http:\/\/www.kutupsogutma.net\/index.php?rest_route=%2Fwp%2Fv2%2Fmedia&parent=1197"}],"wp:term":[{"taxonomy":"product_cat","embeddable":true,"href":"http:\/\/www.kutupsogutma.net\/index.php?rest_route=%2Fwp%2Fv2%2Fproduct_cat&post=1197"},{"taxonomy":"product_tag","embeddable":true,"href":"http:\/\/www.kutupsogutma.net\/index.php?rest_route=%2Fwp%2Fv2%2Fproduct_tag&post=1197"}],"curies":[{"name":"wp","href":"https:\/\/api.w.org\/{rel}","templated":true}]}}