{"id":1152,"date":"2021-05-03T14:45:43","date_gmt":"2021-05-03T11:45:43","guid":{"rendered":"http:\/\/www.kutupsogutma.net\/?post_type=product&#038;p=1152"},"modified":"2021-05-03T14:47:18","modified_gmt":"2021-05-03T11:47:18","slug":"enjektor-meme-demirdokum-sofben-dogalgaz-12-li-frn5006","status":"publish","type":"product","link":"http:\/\/www.kutupsogutma.net\/?product=enjektor-meme-demirdokum-sofben-dogalgaz-12-li-frn5006","title":{"rendered":"ENJEKT\u00d6R MEME DEM\u0130RD\u00d6K\u00dcM \u015eOFBEN DO\u011eALGAZ 12 L\u0130 FRN5006"},"content":{"rendered":"<p>ENJEKT\u00d6R MEME DEM\u0130RD\u00d6K\u00dcM \u015eOFBEN DO\u011eALGAZ 12 L\u0130 FRN5006<\/p>\n","protected":false},"excerpt":{"rendered":"<p>ENJEKT\u00d6R MEME DEM\u0130RD\u00d6K\u00dcM \u015eOFBEN DO\u011eALGAZ 12 L\u0130 FRN5006<\/p>\n","protected":false},"featured_media":1153,"comment_status":"open","ping_status":"closed","template":"","meta":[],"product_cat":[87,22],"product_tag":[1289,1288],"_links":{"self":[{"href":"http:\/\/www.kutupsogutma.net\/index.php?rest_route=\/wp\/v2\/product\/1152"}],"collection":[{"href":"http:\/\/www.kutupsogutma.net\/index.php?rest_route=\/wp\/v2\/product"}],"about":[{"href":"http:\/\/www.kutupsogutma.net\/index.php?rest_route=\/wp\/v2\/types\/product"}],"replies":[{"embeddable":true,"href":"http:\/\/www.kutupsogutma.net\/index.php?rest_route=%2Fwp%2Fv2%2Fcomments&post=1152"}],"wp:featuredmedia":[{"embeddable":true,"href":"http:\/\/www.kutupsogutma.net\/index.php?rest_route=\/wp\/v2\/media\/1153"}],"wp:attachment":[{"href":"http:\/\/www.kutupsogutma.net\/index.php?rest_route=%2Fwp%2Fv2%2Fmedia&parent=1152"}],"wp:term":[{"taxonomy":"product_cat","embeddable":true,"href":"http:\/\/www.kutupsogutma.net\/index.php?rest_route=%2Fwp%2Fv2%2Fproduct_cat&post=1152"},{"taxonomy":"product_tag","embeddable":true,"href":"http:\/\/www.kutupsogutma.net\/index.php?rest_route=%2Fwp%2Fv2%2Fproduct_tag&post=1152"}],"curies":[{"name":"wp","href":"https:\/\/api.w.org\/{rel}","templated":true}]}}