{"id":1148,"date":"2021-05-03T14:42:29","date_gmt":"2021-05-03T11:42:29","guid":{"rendered":"http:\/\/www.kutupsogutma.net\/?post_type=product&#038;p=1148"},"modified":"2021-05-03T14:44:10","modified_gmt":"2021-05-03T11:44:10","slug":"enjektor-meme-piyasa-m-45-dogalgaz-frn5004","status":"publish","type":"product","link":"http:\/\/www.kutupsogutma.net\/?product=enjektor-meme-piyasa-m-45-dogalgaz-frn5004","title":{"rendered":"ENJEKT\u00d6R MEME P\u0130YASA M 4,5 DO\u011eALGAZ FRN5004"},"content":{"rendered":"<p>ENJEKT\u00d6R MEME P\u0130YASA M 4,5 DO\u011eALGAZ FRN5004<\/p>\n","protected":false},"excerpt":{"rendered":"<p>ENJEKT\u00d6R MEME P\u0130YASA M 4,5 DO\u011eALGAZ FRN5004<\/p>\n","protected":false},"featured_media":1149,"comment_status":"open","ping_status":"closed","template":"","meta":[],"product_cat":[87,22],"product_tag":[1285,1284],"_links":{"self":[{"href":"http:\/\/www.kutupsogutma.net\/index.php?rest_route=\/wp\/v2\/product\/1148"}],"collection":[{"href":"http:\/\/www.kutupsogutma.net\/index.php?rest_route=\/wp\/v2\/product"}],"about":[{"href":"http:\/\/www.kutupsogutma.net\/index.php?rest_route=\/wp\/v2\/types\/product"}],"replies":[{"embeddable":true,"href":"http:\/\/www.kutupsogutma.net\/index.php?rest_route=%2Fwp%2Fv2%2Fcomments&post=1148"}],"wp:featuredmedia":[{"embeddable":true,"href":"http:\/\/www.kutupsogutma.net\/index.php?rest_route=\/wp\/v2\/media\/1149"}],"wp:attachment":[{"href":"http:\/\/www.kutupsogutma.net\/index.php?rest_route=%2Fwp%2Fv2%2Fmedia&parent=1148"}],"wp:term":[{"taxonomy":"product_cat","embeddable":true,"href":"http:\/\/www.kutupsogutma.net\/index.php?rest_route=%2Fwp%2Fv2%2Fproduct_cat&post=1148"},{"taxonomy":"product_tag","embeddable":true,"href":"http:\/\/www.kutupsogutma.net\/index.php?rest_route=%2Fwp%2Fv2%2Fproduct_tag&post=1148"}],"curies":[{"name":"wp","href":"https:\/\/api.w.org\/{rel}","templated":true}]}}