{"id":1113,"date":"2021-05-03T13:58:10","date_gmt":"2021-05-03T10:58:10","guid":{"rendered":"http:\/\/www.kutupsogutma.net\/?post_type=product&#038;p=1113"},"modified":"2021-05-03T14:00:36","modified_gmt":"2021-05-03T11:00:36","slug":"dogalgaz-cakmak-pilot-kalem-telli-frn2023-copy","status":"publish","type":"product","link":"http:\/\/www.kutupsogutma.net\/?product=dogalgaz-cakmak-pilot-kalem-telli-frn2023-copy","title":{"rendered":"DO\u011eALGAZ \u00c7AKMAK P\u0130LOT KALEM 01 FRN2024"},"content":{"rendered":"<p>DO\u011eALGAZ \u00c7AKMAK P\u0130LOT KALEM 01 FRN2024<\/p>\n","protected":false},"excerpt":{"rendered":"<p>DO\u011eALGAZ \u00c7AKMAK P\u0130LOT KALEM 01 FRN2024<\/p>\n","protected":false},"featured_media":1116,"comment_status":"open","ping_status":"closed","template":"","meta":[],"product_cat":[84,22],"product_tag":[1242,1234],"_links":{"self":[{"href":"http:\/\/www.kutupsogutma.net\/index.php?rest_route=\/wp\/v2\/product\/1113"}],"collection":[{"href":"http:\/\/www.kutupsogutma.net\/index.php?rest_route=\/wp\/v2\/product"}],"about":[{"href":"http:\/\/www.kutupsogutma.net\/index.php?rest_route=\/wp\/v2\/types\/product"}],"replies":[{"embeddable":true,"href":"http:\/\/www.kutupsogutma.net\/index.php?rest_route=%2Fwp%2Fv2%2Fcomments&post=1113"}],"wp:featuredmedia":[{"embeddable":true,"href":"http:\/\/www.kutupsogutma.net\/index.php?rest_route=\/wp\/v2\/media\/1116"}],"wp:attachment":[{"href":"http:\/\/www.kutupsogutma.net\/index.php?rest_route=%2Fwp%2Fv2%2Fmedia&parent=1113"}],"wp:term":[{"taxonomy":"product_cat","embeddable":true,"href":"http:\/\/www.kutupsogutma.net\/index.php?rest_route=%2Fwp%2Fv2%2Fproduct_cat&post=1113"},{"taxonomy":"product_tag","embeddable":true,"href":"http:\/\/www.kutupsogutma.net\/index.php?rest_route=%2Fwp%2Fv2%2Fproduct_tag&post=1113"}],"curies":[{"name":"wp","href":"https:\/\/api.w.org\/{rel}","templated":true}]}}