{"id":1107,"date":"2021-05-03T13:48:42","date_gmt":"2021-05-03T10:48:42","guid":{"rendered":"http:\/\/www.kutupsogutma.net\/?post_type=product&#038;p=1107"},"modified":"2021-05-03T13:50:00","modified_gmt":"2021-05-03T10:50:00","slug":"dogalgaz-cakmak-pilot-kalem-sofben-arcelik-beko-cevirmeli-frn2021","status":"publish","type":"product","link":"http:\/\/www.kutupsogutma.net\/?product=dogalgaz-cakmak-pilot-kalem-sofben-arcelik-beko-cevirmeli-frn2021","title":{"rendered":"DO\u011eALGAZ \u00c7AKMAK P\u0130LOT KALEM \u015eOFBEN AR\u00c7EL\u0130K-BEKO \u00c7EV\u0130RMEL\u0130 FRN2021"},"content":{"rendered":"<p>DO\u011eALGAZ \u00c7AKMAK P\u0130LOT KALEM \u015eOFBEN AR\u00c7EL\u0130K-BEKO \u00c7EV\u0130RMEL\u0130 FRN2021<\/p>\n","protected":false},"excerpt":{"rendered":"<p>DO\u011eALGAZ \u00c7AKMAK P\u0130LOT KALEM \u015eOFBEN AR\u00c7EL\u0130K-BEKO \u00c7EV\u0130RMEL\u0130 FRN2021<\/p>\n","protected":false},"featured_media":1108,"comment_status":"open","ping_status":"closed","template":"","meta":[],"product_cat":[84,22],"product_tag":[1236,1237,1235,1234],"_links":{"self":[{"href":"http:\/\/www.kutupsogutma.net\/index.php?rest_route=\/wp\/v2\/product\/1107"}],"collection":[{"href":"http:\/\/www.kutupsogutma.net\/index.php?rest_route=\/wp\/v2\/product"}],"about":[{"href":"http:\/\/www.kutupsogutma.net\/index.php?rest_route=\/wp\/v2\/types\/product"}],"replies":[{"embeddable":true,"href":"http:\/\/www.kutupsogutma.net\/index.php?rest_route=%2Fwp%2Fv2%2Fcomments&post=1107"}],"wp:featuredmedia":[{"embeddable":true,"href":"http:\/\/www.kutupsogutma.net\/index.php?rest_route=\/wp\/v2\/media\/1108"}],"wp:attachment":[{"href":"http:\/\/www.kutupsogutma.net\/index.php?rest_route=%2Fwp%2Fv2%2Fmedia&parent=1107"}],"wp:term":[{"taxonomy":"product_cat","embeddable":true,"href":"http:\/\/www.kutupsogutma.net\/index.php?rest_route=%2Fwp%2Fv2%2Fproduct_cat&post=1107"},{"taxonomy":"product_tag","embeddable":true,"href":"http:\/\/www.kutupsogutma.net\/index.php?rest_route=%2Fwp%2Fv2%2Fproduct_tag&post=1107"}],"curies":[{"name":"wp","href":"https:\/\/api.w.org\/{rel}","templated":true}]}}