{"id":1083,"date":"2021-05-03T12:06:47","date_gmt":"2021-05-03T09:06:47","guid":{"rendered":"http:\/\/www.kutupsogutma.net\/?post_type=product&#038;p=1083"},"modified":"2021-05-03T12:07:52","modified_gmt":"2021-05-03T09:07:52","slug":"firin-ocak-atesleme-buji-kablolu-arcelik-frn2009","status":"publish","type":"product","link":"http:\/\/www.kutupsogutma.net\/?product=firin-ocak-atesleme-buji-kablolu-arcelik-frn2009","title":{"rendered":"FIRIN OCAK ATE\u015eLEME BUJ\u0130 KABLOLU AR\u00c7EL\u0130K FRN2009"},"content":{"rendered":"<p>FIRIN OCAK ATE\u015eLEME BUJ\u0130 KABLOLU AR\u00c7EL\u0130K FRN2009<\/p>\n","protected":false},"excerpt":{"rendered":"<p>FIRIN OCAK ATE\u015eLEME BUJ\u0130 KABLOLU AR\u00c7EL\u0130K FRN2009<\/p>\n","protected":false},"featured_media":1084,"comment_status":"open","ping_status":"closed","template":"","meta":[],"product_cat":[84,22],"product_tag":[1225,1224,1219],"_links":{"self":[{"href":"http:\/\/www.kutupsogutma.net\/index.php?rest_route=\/wp\/v2\/product\/1083"}],"collection":[{"href":"http:\/\/www.kutupsogutma.net\/index.php?rest_route=\/wp\/v2\/product"}],"about":[{"href":"http:\/\/www.kutupsogutma.net\/index.php?rest_route=\/wp\/v2\/types\/product"}],"replies":[{"embeddable":true,"href":"http:\/\/www.kutupsogutma.net\/index.php?rest_route=%2Fwp%2Fv2%2Fcomments&post=1083"}],"wp:featuredmedia":[{"embeddable":true,"href":"http:\/\/www.kutupsogutma.net\/index.php?rest_route=\/wp\/v2\/media\/1084"}],"wp:attachment":[{"href":"http:\/\/www.kutupsogutma.net\/index.php?rest_route=%2Fwp%2Fv2%2Fmedia&parent=1083"}],"wp:term":[{"taxonomy":"product_cat","embeddable":true,"href":"http:\/\/www.kutupsogutma.net\/index.php?rest_route=%2Fwp%2Fv2%2Fproduct_cat&post=1083"},{"taxonomy":"product_tag","embeddable":true,"href":"http:\/\/www.kutupsogutma.net\/index.php?rest_route=%2Fwp%2Fv2%2Fproduct_tag&post=1083"}],"curies":[{"name":"wp","href":"https:\/\/api.w.org\/{rel}","templated":true}]}}