{"id":1073,"date":"2021-05-03T11:59:44","date_gmt":"2021-05-03T08:59:44","guid":{"rendered":"http:\/\/www.kutupsogutma.net\/?post_type=product&#038;p=1073"},"modified":"2021-05-03T12:01:35","modified_gmt":"2021-05-03T09:01:35","slug":"firin-ocak-manyetik-cakmak-dik-siyah-uzun-uc-frn2004","status":"publish","type":"product","link":"http:\/\/www.kutupsogutma.net\/?product=firin-ocak-manyetik-cakmak-dik-siyah-uzun-uc-frn2004","title":{"rendered":"FIRIN OCAK MANYET\u0130K \u00c7AKMAK D\u0130K S\u0130YAH UZUN U\u00c7 FRN2004"},"content":{"rendered":"<p>FIRIN OCAK MANYET\u0130K \u00c7AKMAK D\u0130K S\u0130YAH UZUN U\u00c7 FRN2004<\/p>\n","protected":false},"excerpt":{"rendered":"<p>FIRIN OCAK MANYET\u0130K \u00c7AKMAK D\u0130K S\u0130YAH UZUN U\u00c7 FRN2004<\/p>\n","protected":false},"featured_media":1074,"comment_status":"open","ping_status":"closed","template":"","meta":[],"product_cat":[84,22],"product_tag":[1214,1216],"_links":{"self":[{"href":"http:\/\/www.kutupsogutma.net\/index.php?rest_route=\/wp\/v2\/product\/1073"}],"collection":[{"href":"http:\/\/www.kutupsogutma.net\/index.php?rest_route=\/wp\/v2\/product"}],"about":[{"href":"http:\/\/www.kutupsogutma.net\/index.php?rest_route=\/wp\/v2\/types\/product"}],"replies":[{"embeddable":true,"href":"http:\/\/www.kutupsogutma.net\/index.php?rest_route=%2Fwp%2Fv2%2Fcomments&post=1073"}],"wp:featuredmedia":[{"embeddable":true,"href":"http:\/\/www.kutupsogutma.net\/index.php?rest_route=\/wp\/v2\/media\/1074"}],"wp:attachment":[{"href":"http:\/\/www.kutupsogutma.net\/index.php?rest_route=%2Fwp%2Fv2%2Fmedia&parent=1073"}],"wp:term":[{"taxonomy":"product_cat","embeddable":true,"href":"http:\/\/www.kutupsogutma.net\/index.php?rest_route=%2Fwp%2Fv2%2Fproduct_cat&post=1073"},{"taxonomy":"product_tag","embeddable":true,"href":"http:\/\/www.kutupsogutma.net\/index.php?rest_route=%2Fwp%2Fv2%2Fproduct_tag&post=1073"}],"curies":[{"name":"wp","href":"https:\/\/api.w.org\/{rel}","templated":true}]}}