{"id":1067,"date":"2021-05-03T11:55:12","date_gmt":"2021-05-03T08:55:12","guid":{"rendered":"http:\/\/www.kutupsogutma.net\/?post_type=product&#038;p=1067"},"modified":"2021-05-03T11:56:24","modified_gmt":"2021-05-03T08:56:24","slug":"firin-ocak-manyetik-cakmak-setustu-ankastre-kirmizi-frn2001","status":"publish","type":"product","link":"http:\/\/www.kutupsogutma.net\/?product=firin-ocak-manyetik-cakmak-setustu-ankastre-kirmizi-frn2001","title":{"rendered":"FIRIN OCAK MANYET\u0130K \u00c7AKMAK SET\u00dcST\u00dc ANKASTRE KIRMIZI FRN2001"},"content":{"rendered":"<p>FIRIN OCAK MANYET\u0130K \u00c7AKMAK SET\u00dcST\u00dc ANKASTRE KIRMIZI FRN2001<\/p>\n","protected":false},"excerpt":{"rendered":"<p>FIRIN OCAK MANYET\u0130K \u00c7AKMAK SET\u00dcST\u00dc ANKASTRE KIRMIZI FRN2001<\/p>\n","protected":false},"featured_media":1068,"comment_status":"open","ping_status":"closed","template":"","meta":[],"product_cat":[84,22],"product_tag":[1213,1212],"_links":{"self":[{"href":"http:\/\/www.kutupsogutma.net\/index.php?rest_route=\/wp\/v2\/product\/1067"}],"collection":[{"href":"http:\/\/www.kutupsogutma.net\/index.php?rest_route=\/wp\/v2\/product"}],"about":[{"href":"http:\/\/www.kutupsogutma.net\/index.php?rest_route=\/wp\/v2\/types\/product"}],"replies":[{"embeddable":true,"href":"http:\/\/www.kutupsogutma.net\/index.php?rest_route=%2Fwp%2Fv2%2Fcomments&post=1067"}],"wp:featuredmedia":[{"embeddable":true,"href":"http:\/\/www.kutupsogutma.net\/index.php?rest_route=\/wp\/v2\/media\/1068"}],"wp:attachment":[{"href":"http:\/\/www.kutupsogutma.net\/index.php?rest_route=%2Fwp%2Fv2%2Fmedia&parent=1067"}],"wp:term":[{"taxonomy":"product_cat","embeddable":true,"href":"http:\/\/www.kutupsogutma.net\/index.php?rest_route=%2Fwp%2Fv2%2Fproduct_cat&post=1067"},{"taxonomy":"product_tag","embeddable":true,"href":"http:\/\/www.kutupsogutma.net\/index.php?rest_route=%2Fwp%2Fv2%2Fproduct_tag&post=1067"}],"curies":[{"name":"wp","href":"https:\/\/api.w.org\/{rel}","templated":true}]}}